{"id":94,"date":"2009-11-09T13:05:16","date_gmt":"2009-11-09T12:05:16","guid":{"rendered":"https:\/\/www.imerix.at\/bookshop\/produkt\/ferien-in-vence\/"},"modified":"2025-06-01T20:17:06","modified_gmt":"2025-06-01T18:17:06","slug":"ferien-in-vence","status":"publish","type":"product","link":"https:\/\/www.verlagshaus-hernals.at\/shop\/produkt\/ferien-in-vence\/","title":{"rendered":"Ferien in Vence"},"content":{"rendered":"<p>&#8222;Die Windlichter beleuchteten die lange Tafel, tauchten alles in ein warmes, gelbliches Licht. Der Lavendel hob sich dunkel vom Tischtuch ab, die Rosenbl\u00fcten dufteten nicht mehr. Paula stand auf, k\u00fcsste ihren Mann, wie sie es lange nicht mehr getan hatte. &#8222;Ich geh noch die m\u00e9m\u00e9 besuchen&#8220;, sagte sie leise. Sie wusste nicht, ob er es \u00fcberhaupt geh\u00f6rt hatte. Langsam ging sie den Weingarten hinauf.&#8220;<\/p>\n<p><em>&#8222;Susanna L\u00e4ngers Geschichten sind voll von tiefen Gef\u00fchlen, Vertrautem und \u00dcberraschendem. Beim Lesen versinkt man sofort in die Welt ihrer Figuren.&#8220; <strong>Petra Dinhof<\/strong> (Schauspielerin)<\/em><\/p>\n","protected":false},"excerpt":{"rendered":"<p>100 Seiten, gebunden<br \/>\nISBN 978-3-9027440-1-2<br \/>\n<span style=\"color: #ff0000;\">Das Buch ist nicht mehr lieferbar.<\/span>&hellip; <a class=\"kt-excerpt-readmore more-link\" href=\"https:\/\/www.verlagshaus-hernals.at\/shop\/produkt\/ferien-in-vence\/\" aria-label=\"Ferien in Vence\">Read More<\/a><\/p>\n","protected":false},"featured_media":93,"template":"","meta":{"kt_blocks_editor_width":"","_kad_blocks_custom_css":"","_kad_blocks_head_custom_js":"","_kad_blocks_body_custom_js":"","_kad_blocks_footer_custom_js":""},"product_brand":[],"product_cat":[43],"product_tag":[],"class_list":{"0":"post-94","1":"product","2":"type-product","3":"status-publish","4":"has-post-thumbnail","6":"product_cat-romane-erzaehlungen","8":"first","9":"outofstock","10":"taxable","11":"shipping-taxable","12":"purchasable","13":"product-type-simple"},"taxonomy_info":{"product_cat":[{"value":43,"label":"Romane &amp; Erz\u00e4hlungen"}]},"featured_image_src_large":["https:\/\/www.verlagshaus-hernals.at\/shop\/wp-content\/uploads\/susanna_laenger-ferien_in_vence.jpg",374,578,false],"author_info":[],"comment_info":"","_links":{"self":[{"href":"https:\/\/www.verlagshaus-hernals.at\/shop\/wp-json\/wp\/v2\/product\/94","targetHints":{"allow":["GET"]}}],"collection":[{"href":"https:\/\/www.verlagshaus-hernals.at\/shop\/wp-json\/wp\/v2\/product"}],"about":[{"href":"https:\/\/www.verlagshaus-hernals.at\/shop\/wp-json\/wp\/v2\/types\/product"}],"wp:featuredmedia":[{"embeddable":true,"href":"https:\/\/www.verlagshaus-hernals.at\/shop\/wp-json\/wp\/v2\/media\/93"}],"wp:attachment":[{"href":"https:\/\/www.verlagshaus-hernals.at\/shop\/wp-json\/wp\/v2\/media?parent=94"}],"wp:term":[{"taxonomy":"product_brand","embeddable":true,"href":"https:\/\/www.verlagshaus-hernals.at\/shop\/wp-json\/wp\/v2\/product_brand?post=94"},{"taxonomy":"product_cat","embeddable":true,"href":"https:\/\/www.verlagshaus-hernals.at\/shop\/wp-json\/wp\/v2\/product_cat?post=94"},{"taxonomy":"product_tag","embeddable":true,"href":"https:\/\/www.verlagshaus-hernals.at\/shop\/wp-json\/wp\/v2\/product_tag?post=94"}],"curies":[{"name":"wp","href":"https:\/\/api.w.org\/{rel}","templated":true}]}}

<p>&#8222;Die Windlichter beleuchteten die lange Tafel, tauchten alles in ein warmes, gelbliches Licht. Der Lavendel hob sich dunkel vom Tischtuch ab, die Rosenblüten dufteten nicht mehr. Paula stand auf, küsste ihren Mann, wie sie es lange nicht mehr getan hatte. &#8222;Ich geh noch die mémé besuchen&#8220;, sagte sie leise. Sie wusste nicht, ob er es überhaupt gehört hatte. Langsam ging sie den Weingarten hinauf.&#8220;</p>
<p><em>&#8222;Susanna Längers Geschichten sind voll von tiefen Gefühlen, Vertrautem und Überraschendem. Beim Lesen versinkt man sofort in die Welt ihrer Figuren.&#8220; <strong>Petra Dinhof</strong> (Schauspielerin)</em></p>

Romane &amp; Erzählungen
