{"id":92,"date":"2009-06-15T13:05:16","date_gmt":"2009-06-15T11:05:16","guid":{"rendered":"https:\/\/www.imerix.at\/bookshop\/produkt\/die-falschen-schuhe\/"},"modified":"2025-06-01T20:18:25","modified_gmt":"2025-06-01T18:18:25","slug":"die-falschen-schuhe","status":"publish","type":"product","link":"https:\/\/www.verlagshaus-hernals.at\/shop\/produkt\/die-falschen-schuhe\/","title":{"rendered":"Die falschen Schuhe"},"content":{"rendered":"<p>Als Sophie zu Beginn der Pubert\u00e4t magers\u00fcchtig wird, bricht f\u00fcr ihre Mutter eine Welt zusammen. Wie konnte das passieren? Immer hat sie auf ihr j\u00fcngstes, braves Kind besonders geachtet. Aber gerade diese extreme F\u00fcrsorge ist f\u00fcr das sensible M\u00e4dchen eine besondere Belastung und untergr\u00e4bt ihr ohnedies schwaches Selbstwertgef\u00fchl immer mehr. Eltern und Geschwister k\u00f6nnen die Tatsache, dass jede Essst\u00f6rung mit unbew\u00e4ltigtem Druck zu tun hat, nur schwer akzeptieren.<\/p>\n<p>Erst als Sophie beschlie\u00dft bei ihrem \u00e4ltesten Bruder und dessen Frau in Paris zu leben, findet sie etwas Abstand zu ihrer Familie in Wien. Es beginnt eine Zeit der Reife, der Losl\u00f6sung und letztlich der Heilung.<\/p>\n<p>Ein Roman f\u00fcr Betroffene, Angeh\u00f6rige und alle, die ihre Aufmerksamkeit dem Thema Magersucht und Bulimie widmen m\u00f6chten.<\/p>\n","protected":false},"excerpt":{"rendered":"<p>240 Seiten, broschiert<br \/>\nISBN 978-3-9502577-4-8<br \/>\n<span style=\"color: #ff0000;\">Das Buch ist nicht mehr lieferbar.<\/span>&hellip; <a class=\"kt-excerpt-readmore more-link\" href=\"https:\/\/www.verlagshaus-hernals.at\/shop\/produkt\/die-falschen-schuhe\/\" aria-label=\"Die falschen Schuhe\">Read More<\/a><\/p>\n","protected":false},"featured_media":91,"template":"","meta":{"kt_blocks_editor_width":"","_kad_blocks_custom_css":"","_kad_blocks_head_custom_js":"","_kad_blocks_body_custom_js":"","_kad_blocks_footer_custom_js":""},"product_brand":[],"product_cat":[43],"product_tag":[],"class_list":{"0":"post-92","1":"product","2":"type-product","3":"status-publish","4":"has-post-thumbnail","6":"product_cat-romane-erzaehlungen","8":"first","9":"outofstock","10":"taxable","11":"shipping-taxable","12":"purchasable","13":"product-type-simple"},"taxonomy_info":{"product_cat":[{"value":43,"label":"Romane &amp; Erz\u00e4hlungen"}]},"featured_image_src_large":["https:\/\/www.verlagshaus-hernals.at\/shop\/wp-content\/uploads\/cover-die_falschen_schuhe.jpg",612,864,false],"author_info":[],"comment_info":"","_links":{"self":[{"href":"https:\/\/www.verlagshaus-hernals.at\/shop\/wp-json\/wp\/v2\/product\/92","targetHints":{"allow":["GET"]}}],"collection":[{"href":"https:\/\/www.verlagshaus-hernals.at\/shop\/wp-json\/wp\/v2\/product"}],"about":[{"href":"https:\/\/www.verlagshaus-hernals.at\/shop\/wp-json\/wp\/v2\/types\/product"}],"wp:featuredmedia":[{"embeddable":true,"href":"https:\/\/www.verlagshaus-hernals.at\/shop\/wp-json\/wp\/v2\/media\/91"}],"wp:attachment":[{"href":"https:\/\/www.verlagshaus-hernals.at\/shop\/wp-json\/wp\/v2\/media?parent=92"}],"wp:term":[{"taxonomy":"product_brand","embeddable":true,"href":"https:\/\/www.verlagshaus-hernals.at\/shop\/wp-json\/wp\/v2\/product_brand?post=92"},{"taxonomy":"product_cat","embeddable":true,"href":"https:\/\/www.verlagshaus-hernals.at\/shop\/wp-json\/wp\/v2\/product_cat?post=92"},{"taxonomy":"product_tag","embeddable":true,"href":"https:\/\/www.verlagshaus-hernals.at\/shop\/wp-json\/wp\/v2\/product_tag?post=92"}],"curies":[{"name":"wp","href":"https:\/\/api.w.org\/{rel}","templated":true}]}}

<p>Als Sophie zu Beginn der Pubertät magersüchtig wird, bricht für ihre Mutter eine Welt zusammen. Wie konnte das passieren? Immer hat sie auf ihr jüngstes, braves Kind besonders geachtet. Aber gerade diese extreme Fürsorge ist für das sensible Mädchen eine besondere Belastung und untergräbt ihr ohnedies schwaches Selbstwertgefühl immer mehr. Eltern und Geschwister können die Tatsache, dass jede Essstörung mit unbewältigtem Druck zu tun hat, nur schwer akzeptieren.</p>
<p>Erst als Sophie beschließt bei ihrem ältesten Bruder und dessen Frau in Paris zu leben, findet sie etwas Abstand zu ihrer Familie in Wien. Es beginnt eine Zeit der Reife, der Loslösung und letztlich der Heilung.</p>
<p>Ein Roman für Betroffene, Angehörige und alle, die ihre Aufmerksamkeit dem Thema Magersucht und Bulimie widmen möchten.</p>

Romane &amp; Erzählungen
