{"id":88,"date":"2014-12-02T13:05:16","date_gmt":"2014-12-02T12:05:16","guid":{"rendered":"https:\/\/www.imerix.at\/bookshop\/produkt\/die-hetzjagd\/"},"modified":"2025-06-20T19:41:07","modified_gmt":"2025-06-20T17:41:07","slug":"die-hetzjagd","status":"publish","type":"product","link":"https:\/\/www.verlagshaus-hernals.at\/shop\/produkt\/die-hetzjagd\/","title":{"rendered":"Die Hetzjagd"},"content":{"rendered":"<p>Im Grazer Werk des Textilunternehmers Hormeier bricht ein Brand aus. Die Ermittler gehen bereits w\u00e4hrend der L\u00f6scharbeiten von Brandstiftung aus. Der Industrielle weist alle Vorw\u00fcrfe, den Brand gelegt zu haben, von sich. Er wird in Untersuchungshaft genommen.<br \/>\nDer Druck der Polizei nimmt immer mehr zu. Sachverst\u00e4ndige belasten ihn massiv. Seine Lage scheint aussichtlos. Hormeier riskiert seine Existenz, um seine Unschuld zu beweisen.<\/p>\n<p>Theodor Tomandl orientiert sich in seinem Justizthriller an den Ereignissen um das Textilunternehmen <em>Tiroler Loden<\/em>, wie sie ihren Niederschlag in den Medien, in parlamentarischen Anfragen und in Entscheidungen von Gerichten und Unabh\u00e4ngigen Verwaltungssenaten gefunden haben.<\/p>\n","protected":false},"excerpt":{"rendered":"<p>226 Seiten, Klappenbroschur<br \/>\nISBN 978-3-902975-15-7&hellip; <a class=\"kt-excerpt-readmore more-link\" href=\"https:\/\/www.verlagshaus-hernals.at\/shop\/produkt\/die-hetzjagd\/\" aria-label=\"Die Hetzjagd\">Read More<\/a><\/p>\n","protected":false},"featured_media":87,"template":"","meta":{"kt_blocks_editor_width":"","_kad_blocks_custom_css":"","_kad_blocks_head_custom_js":"","_kad_blocks_body_custom_js":"","_kad_blocks_footer_custom_js":""},"product_brand":[],"product_cat":[33],"product_tag":[],"class_list":{"0":"post-88","1":"product","2":"type-product","3":"status-publish","4":"has-post-thumbnail","6":"product_cat-krimis-thriller","8":"first","9":"instock","10":"taxable","11":"shipping-taxable","12":"purchasable","13":"product-type-simple"},"taxonomy_info":{"product_cat":[{"value":33,"label":"Krimis &amp; Thriller"}]},"featured_image_src_large":["https:\/\/www.verlagshaus-hernals.at\/shop\/wp-content\/uploads\/theodor-tomandl_die-hetzjagd-1.jpg",414,648,false],"author_info":[],"comment_info":"","_links":{"self":[{"href":"https:\/\/www.verlagshaus-hernals.at\/shop\/wp-json\/wp\/v2\/product\/88","targetHints":{"allow":["GET"]}}],"collection":[{"href":"https:\/\/www.verlagshaus-hernals.at\/shop\/wp-json\/wp\/v2\/product"}],"about":[{"href":"https:\/\/www.verlagshaus-hernals.at\/shop\/wp-json\/wp\/v2\/types\/product"}],"wp:featuredmedia":[{"embeddable":true,"href":"https:\/\/www.verlagshaus-hernals.at\/shop\/wp-json\/wp\/v2\/media\/87"}],"wp:attachment":[{"href":"https:\/\/www.verlagshaus-hernals.at\/shop\/wp-json\/wp\/v2\/media?parent=88"}],"wp:term":[{"taxonomy":"product_brand","embeddable":true,"href":"https:\/\/www.verlagshaus-hernals.at\/shop\/wp-json\/wp\/v2\/product_brand?post=88"},{"taxonomy":"product_cat","embeddable":true,"href":"https:\/\/www.verlagshaus-hernals.at\/shop\/wp-json\/wp\/v2\/product_cat?post=88"},{"taxonomy":"product_tag","embeddable":true,"href":"https:\/\/www.verlagshaus-hernals.at\/shop\/wp-json\/wp\/v2\/product_tag?post=88"}],"curies":[{"name":"wp","href":"https:\/\/api.w.org\/{rel}","templated":true}]}}