{"id":78,"date":"2011-03-31T13:05:13","date_gmt":"2011-03-31T11:05:13","guid":{"rendered":"https:\/\/www.imerix.at\/bookshop\/produkt\/ludwigsmord\/"},"modified":"2025-04-18T18:05:35","modified_gmt":"2025-04-18T16:05:35","slug":"ludwigsmord","status":"publish","type":"product","link":"https:\/\/www.verlagshaus-hernals.at\/shop\/produkt\/ludwigsmord\/","title":{"rendered":"Ludwigsmord"},"content":{"rendered":"<p>Nach der umstrittenen Premiere von Wagners Oper Walk\u00fcre erleidet der Regisseur Ludwig Rath einen Schw\u00e4cheanfall. Seine Frau Bettina l\u00e4sst ihn in die Klinik ihres Bruders bringen. Die beiden wollen den gesunden Mann durch eine Krebsbehandlung t\u00f6ten.<br \/>\nAusgehend von seiner Arbeit an der Walk\u00fcre und zur Ablenkung von seiner vermeintlichen Krankheit, beginnt Rath die mysteri\u00f6sen Umst\u00e4nde des Todes von Wagner-Freund K\u00f6nig Ludwig II. von Bayern zu untersuchen.<br \/>\nEr erkennt immer mehr Parallelen zwischen seinem Schicksal und dem des M\u00e4rchenk\u00f6nigs.<br \/>\nJe mehr er sich in die Materie vertieft, desto mehr Menschen aus seiner Umgebung kommen zu Tode.<\/p>\n<p>J.J. Preyer hat die historischen Daten in diesem Krimi exakt recherchiert und entwirft eine eigene Theorie zur Kl\u00e4rung des r\u00e4tselhaften Todes des M\u00e4rchenk\u00f6nigs. Ein Muss f\u00fcr alle, die sich mit den Mythen um ihn besch\u00e4ftigen.<\/p>\n","protected":false},"excerpt":{"rendered":"<p>296 Seiten, gebunden<br \/>\nISBN 978-3-902744-09-8&hellip; <a class=\"kt-excerpt-readmore more-link\" href=\"https:\/\/www.verlagshaus-hernals.at\/shop\/produkt\/ludwigsmord\/\" aria-label=\"Ludwigsmord\">Read More<\/a><\/p>\n","protected":false},"featured_media":77,"template":"","meta":{"kt_blocks_editor_width":"","_kad_blocks_custom_css":"","_kad_blocks_head_custom_js":"","_kad_blocks_body_custom_js":"","_kad_blocks_footer_custom_js":""},"product_brand":[],"product_cat":[33],"product_tag":[],"class_list":["post-78","product","type-product","status-publish","has-post-thumbnail","product_cat-krimis-thriller","first","outofstock","taxable","shipping-taxable","purchasable","product-type-simple"],"taxonomy_info":{"product_cat":[{"value":33,"label":"Krimis &amp; Thriller"}]},"featured_image_src_large":["https:\/\/www.verlagshaus-hernals.at\/shop\/wp-content\/uploads\/j_j_preyer-ludwigsmord.png",381,606,false],"author_info":[],"comment_info":"","_links":{"self":[{"href":"https:\/\/www.verlagshaus-hernals.at\/shop\/wp-json\/wp\/v2\/product\/78","targetHints":{"allow":["GET"]}}],"collection":[{"href":"https:\/\/www.verlagshaus-hernals.at\/shop\/wp-json\/wp\/v2\/product"}],"about":[{"href":"https:\/\/www.verlagshaus-hernals.at\/shop\/wp-json\/wp\/v2\/types\/product"}],"wp:featuredmedia":[{"embeddable":true,"href":"https:\/\/www.verlagshaus-hernals.at\/shop\/wp-json\/wp\/v2\/media\/77"}],"wp:attachment":[{"href":"https:\/\/www.verlagshaus-hernals.at\/shop\/wp-json\/wp\/v2\/media?parent=78"}],"wp:term":[{"taxonomy":"product_brand","embeddable":true,"href":"https:\/\/www.verlagshaus-hernals.at\/shop\/wp-json\/wp\/v2\/product_brand?post=78"},{"taxonomy":"product_cat","embeddable":true,"href":"https:\/\/www.verlagshaus-hernals.at\/shop\/wp-json\/wp\/v2\/product_cat?post=78"},{"taxonomy":"product_tag","embeddable":true,"href":"https:\/\/www.verlagshaus-hernals.at\/shop\/wp-json\/wp\/v2\/product_tag?post=78"}],"curies":[{"name":"wp","href":"https:\/\/api.w.org\/{rel}","templated":true}]}}

<p>Nach der umstrittenen Premiere von Wagners Oper Walküre erleidet der Regisseur Ludwig Rath einen Schwächeanfall. Seine Frau Bettina lässt ihn in die Klinik ihres Bruders bringen. Die beiden wollen den gesunden Mann durch eine Krebsbehandlung töten.<br />
Ausgehend von seiner Arbeit an der Walküre und zur Ablenkung von seiner vermeintlichen Krankheit, beginnt Rath die mysteriösen Umstände des Todes von Wagner-Freund König Ludwig II. von Bayern zu untersuchen.<br />
Er erkennt immer mehr Parallelen zwischen seinem Schicksal und dem des Märchenkönigs.<br />
Je mehr er sich in die Materie vertieft, desto mehr Menschen aus seiner Umgebung kommen zu Tode.</p>
<p>J.J. Preyer hat die historischen Daten in diesem Krimi exakt recherchiert und entwirft eine eigene Theorie zur Klärung des rätselhaften Todes des Märchenkönigs. Ein Muss für alle, die sich mit den Mythen um ihn beschäftigen.</p>
