{"id":663,"date":"2025-06-02T17:29:10","date_gmt":"2025-06-02T15:29:10","guid":{"rendered":"https:\/\/www.verlagshaus-hernals.at\/shop\/?post_type=product&#038;p=663"},"modified":"2025-11-17T15:17:54","modified_gmt":"2025-11-17T14:17:54","slug":"wer-braucht-schon-tischmistkuebel","status":"publish","type":"product","link":"https:\/\/www.verlagshaus-hernals.at\/shop\/produkt\/wer-braucht-schon-tischmistkuebel\/","title":{"rendered":"Wer braucht schon Tischmistk\u00fcbel?"},"content":{"rendered":"<div class=\"row \"> <div class=\"col-md-6     \" style=\"\">\n<p>Diese Texte sollen die kleinen, unscheinbaren Momente des Lebens sichtbar machen und die unerh\u00f6rten Dummheiten h\u00f6rbar werden lassen. Sie zeigen die Missverst\u00e4ndnisse, die uns im Alltag unbemerkt passieren ebenso wie die gro\u00dfen Schwindeleien.<\/p>\n<p>Ob in Form von Dramoletten, Dialogen oder Gedichten \u2013 sie spannen einen Bogen \u00fcber dreieinhalb Jahrzehnte literarischen Schaffens von Robert Anders.<\/p>\n<\/div><div class=\"col-md-6     \" style=\"\">\n<p>Und wenn sich in dieser Zeit auch unz\u00e4hlige Grenzen verschoben haben und die Welt globaler geworden ist \u2013 wirklich grenzenlos sind nur die Absurdit\u00e4ten des Alltags.<\/p>\n<p>Wie ertr\u00e4gt man sie? Nur mit Humor und der Liebe vertrauter Menschen. Diese Leuchtsterne blitzen immer wieder auf: Im realen Leben. Und in diesem Buch.<\/p>\n<p>F\u00fcr die anderen Kleinigkeiten, die einem den Tag verm\u00fcllen, hat man Tischmistk\u00fcbel erfunden \u2026<\/p>\n<\/div><\/div>\n","protected":false},"excerpt":{"rendered":"<p>68 Seiten, gebunden<br \/>\n978-3-903442-69-6&hellip; <a class=\"kt-excerpt-readmore more-link\" href=\"https:\/\/www.verlagshaus-hernals.at\/shop\/produkt\/wer-braucht-schon-tischmistkuebel\/\" aria-label=\"Wer braucht schon Tischmistk\u00fcbel?\">Read More<\/a><\/p>\n","protected":false},"featured_media":664,"template":"","meta":{"kt_blocks_editor_width":"","_kad_blocks_custom_css":"","_kad_blocks_head_custom_js":"","_kad_blocks_body_custom_js":"","_kad_blocks_footer_custom_js":""},"product_brand":[],"product_cat":[38,91],"product_tag":[],"class_list":{"0":"post-663","1":"product","2":"type-product","3":"status-publish","4":"has-post-thumbnail","6":"product_cat-lyrik","7":"product_cat-wien","9":"first","10":"instock","11":"taxable","12":"shipping-taxable","13":"purchasable","14":"product-type-simple"},"taxonomy_info":{"product_cat":[{"value":38,"label":"Lyrik"},{"value":91,"label":"Wien"}]},"featured_image_src_large":["https:\/\/www.verlagshaus-hernals.at\/shop\/wp-content\/uploads\/robert-anders_wer-braucht-schon-tischmistkuebel.jpg",702,1000,false],"author_info":[],"comment_info":"","_links":{"self":[{"href":"https:\/\/www.verlagshaus-hernals.at\/shop\/wp-json\/wp\/v2\/product\/663","targetHints":{"allow":["GET"]}}],"collection":[{"href":"https:\/\/www.verlagshaus-hernals.at\/shop\/wp-json\/wp\/v2\/product"}],"about":[{"href":"https:\/\/www.verlagshaus-hernals.at\/shop\/wp-json\/wp\/v2\/types\/product"}],"wp:featuredmedia":[{"embeddable":true,"href":"https:\/\/www.verlagshaus-hernals.at\/shop\/wp-json\/wp\/v2\/media\/664"}],"wp:attachment":[{"href":"https:\/\/www.verlagshaus-hernals.at\/shop\/wp-json\/wp\/v2\/media?parent=663"}],"wp:term":[{"taxonomy":"product_brand","embeddable":true,"href":"https:\/\/www.verlagshaus-hernals.at\/shop\/wp-json\/wp\/v2\/product_brand?post=663"},{"taxonomy":"product_cat","embeddable":true,"href":"https:\/\/www.verlagshaus-hernals.at\/shop\/wp-json\/wp\/v2\/product_cat?post=663"},{"taxonomy":"product_tag","embeddable":true,"href":"https:\/\/www.verlagshaus-hernals.at\/shop\/wp-json\/wp\/v2\/product_tag?post=663"}],"curies":[{"name":"wp","href":"https:\/\/api.w.org\/{rel}","templated":true}]}}