{"id":384,"date":"2022-07-08T13:06:15","date_gmt":"2022-07-08T11:06:15","guid":{"rendered":"https:\/\/www.imerix.at\/bookshop\/produkt\/boris\/"},"modified":"2025-04-18T16:27:44","modified_gmt":"2025-04-18T14:27:44","slug":"boris","status":"publish","type":"product","link":"https:\/\/www.verlagshaus-hernals.at\/shop\/produkt\/boris\/","title":{"rendered":"Boris"},"content":{"rendered":"<p>Boris hielt es nicht mehr aus, nahm einen Anlauf, sprang mitten auf den Tisch und landete in der gr\u00f6\u00dften Sch\u00fcssel mit Erdn\u00fcssen, sodass die H\u00e4lfte davon am Tisch umherflog.<br \/>\nBlitzartig schaufelte Boris mit beiden Vorderpfoten seine au\u00dfergew\u00f6hnlich gro\u00dfen Backentaschen voll. Da war es aus mit der fr\u00f6hlichen Gesellschaft. Mit ohrenbet\u00e4ubendem Geschrei stoben alle auseinander. Valerie stolperte \u00fcber das Stromkabel der gro\u00dfen Stehlampe und riss es aus der Wand, worauf es finster wurde.<br \/>\nWalter kippte vor Schreck mitsamt seinem Sessel um, weil er sich krampfhaft an den Armlehnen festhielt, und Opa lag auch am Boden und hielt sich laut jammernd sein geschwollenes Knie. Oma war panisch in die K\u00fcche gefl\u00fcchtet und trank eine halbe Weinflasche aus.<\/p>\n<p>&nbsp;<\/p>\n","protected":false},"excerpt":{"rendered":"<p>218 Seiten, illustriert, gebunden, Farbdruck<br \/>\nISBN 978-3-903442-12-2&hellip; <a class=\"kt-excerpt-readmore more-link\" href=\"https:\/\/www.verlagshaus-hernals.at\/shop\/produkt\/boris\/\" aria-label=\"Boris\">Read More<\/a><\/p>\n","protected":false},"featured_media":383,"template":"","meta":{"kt_blocks_editor_width":"","_kad_blocks_custom_css":"","_kad_blocks_head_custom_js":"","_kad_blocks_body_custom_js":"","_kad_blocks_footer_custom_js":""},"product_brand":[],"product_cat":[65],"product_tag":[96],"class_list":{"0":"post-384","1":"product","2":"type-product","3":"status-publish","4":"has-post-thumbnail","6":"product_cat-kinderbuch","7":"product_tag-paul-felder","9":"first","10":"instock","11":"taxable","12":"shipping-taxable","13":"purchasable","14":"product-type-simple"},"taxonomy_info":{"product_cat":[{"value":65,"label":"Kinderbuch"}],"product_tag":[{"value":96,"label":"Paul Felder"}]},"featured_image_src_large":["https:\/\/www.verlagshaus-hernals.at\/shop\/wp-content\/uploads\/Cover-Paul_Felder-Boris.jpg",680,1000,false],"author_info":[],"comment_info":"","_links":{"self":[{"href":"https:\/\/www.verlagshaus-hernals.at\/shop\/wp-json\/wp\/v2\/product\/384","targetHints":{"allow":["GET"]}}],"collection":[{"href":"https:\/\/www.verlagshaus-hernals.at\/shop\/wp-json\/wp\/v2\/product"}],"about":[{"href":"https:\/\/www.verlagshaus-hernals.at\/shop\/wp-json\/wp\/v2\/types\/product"}],"wp:featuredmedia":[{"embeddable":true,"href":"https:\/\/www.verlagshaus-hernals.at\/shop\/wp-json\/wp\/v2\/media\/383"}],"wp:attachment":[{"href":"https:\/\/www.verlagshaus-hernals.at\/shop\/wp-json\/wp\/v2\/media?parent=384"}],"wp:term":[{"taxonomy":"product_brand","embeddable":true,"href":"https:\/\/www.verlagshaus-hernals.at\/shop\/wp-json\/wp\/v2\/product_brand?post=384"},{"taxonomy":"product_cat","embeddable":true,"href":"https:\/\/www.verlagshaus-hernals.at\/shop\/wp-json\/wp\/v2\/product_cat?post=384"},{"taxonomy":"product_tag","embeddable":true,"href":"https:\/\/www.verlagshaus-hernals.at\/shop\/wp-json\/wp\/v2\/product_tag?post=384"}],"curies":[{"name":"wp","href":"https:\/\/api.w.org\/{rel}","templated":true}]}}

<p>Boris hielt es nicht mehr aus, nahm einen Anlauf, sprang mitten auf den Tisch und landete in der größten Schüssel mit Erdnüssen, sodass die Hälfte davon am Tisch umherflog.<br />
Blitzartig schaufelte Boris mit beiden Vorderpfoten seine außergewöhnlich großen Backentaschen voll. Da war es aus mit der fröhlichen Gesellschaft. Mit ohrenbetäubendem Geschrei stoben alle auseinander. Valerie stolperte über das Stromkabel der großen Stehlampe und riss es aus der Wand, worauf es finster wurde.<br />
Walter kippte vor Schreck mitsamt seinem Sessel um, weil er sich krampfhaft an den Armlehnen festhielt, und Opa lag auch am Boden und hielt sich laut jammernd sein geschwollenes Knie. Oma war panisch in die Küche geflüchtet und trank eine halbe Weinflasche aus.</p>
<p>&nbsp;</p>
