{"id":368,"date":"2022-12-10T13:06:10","date_gmt":"2022-12-10T12:06:10","guid":{"rendered":"https:\/\/www.imerix.at\/bookshop\/produkt\/vom-rot-im-unverbluemten-weiss\/"},"modified":"2025-12-05T15:30:46","modified_gmt":"2025-12-05T14:30:46","slug":"vom-rot-im-unverbluemten-weiss","status":"publish","type":"product","link":"https:\/\/www.verlagshaus-hernals.at\/shop\/produkt\/vom-rot-im-unverbluemten-weiss\/","title":{"rendered":"Vom Rot im unverbl\u00fcmten Wei\u00df"},"content":{"rendered":"<p>Dieses Buch erz\u00e4hlt die Geschichte eines t\u00f6dlichen Ungl\u00fccks, das sich gegen Ende des Zweiten Weltkrieges ereignet hat. Und die Geschichte des Mannes, der dieses zu verantworten hat. Eine fiktive Erz\u00e4hlung, beruhend auf wahren Begebenheiten zum tragischen Tod des K\u00e4rntner Malers Franz Wiegele im Jahr 1944, die als versch\u00fcttete Erinnerung die Lebensl\u00e4ufe von Menschen bis heute bestimmt.<br \/>\nEine Geschichte, die auserz\u00e4hlt werden musste, die wenn auch kein Ziel, so doch einen Sinn hat. Wiegele geh\u00f6rte gemeinsam mit Kokoschka, Schiele und Kolig zu den Wegbereitern der Modernen Malerei in \u00d6sterreich.<\/p>\n<p>&nbsp;<\/p>\n","protected":false},"excerpt":{"rendered":"<p>70 Seiten, Klappenbroschur<br \/>\nISBN 978-3-903442-35-1&hellip; <a class=\"kt-excerpt-readmore more-link\" href=\"https:\/\/www.verlagshaus-hernals.at\/shop\/produkt\/vom-rot-im-unverbluemten-weiss\/\" aria-label=\"Vom Rot im unverbl\u00fcmten Wei\u00df\">Read More<\/a><\/p>\n","protected":false},"featured_media":367,"template":"","meta":{"kt_blocks_editor_width":"","_kad_blocks_custom_css":"","_kad_blocks_head_custom_js":"","_kad_blocks_body_custom_js":"","_kad_blocks_footer_custom_js":""},"product_brand":[],"product_cat":[43],"product_tag":[70],"class_list":{"0":"post-368","1":"product","2":"type-product","3":"status-publish","4":"has-post-thumbnail","6":"product_cat-romane-erzaehlungen","7":"product_tag-alfred-woschitz","9":"first","10":"instock","11":"taxable","12":"shipping-taxable","13":"purchasable","14":"product-type-simple"},"taxonomy_info":{"product_cat":[{"value":43,"label":"Romane &amp; Erz\u00e4hlungen"}],"product_tag":[{"value":70,"label":"Alfred Woschitz"}]},"featured_image_src_large":["https:\/\/www.verlagshaus-hernals.at\/shop\/wp-content\/uploads\/alfred_woschitz-vom_rot_im_unverbluemten_weiss-649x1024.jpg",649,1024,true],"author_info":[],"comment_info":"","_links":{"self":[{"href":"https:\/\/www.verlagshaus-hernals.at\/shop\/wp-json\/wp\/v2\/product\/368","targetHints":{"allow":["GET"]}}],"collection":[{"href":"https:\/\/www.verlagshaus-hernals.at\/shop\/wp-json\/wp\/v2\/product"}],"about":[{"href":"https:\/\/www.verlagshaus-hernals.at\/shop\/wp-json\/wp\/v2\/types\/product"}],"wp:featuredmedia":[{"embeddable":true,"href":"https:\/\/www.verlagshaus-hernals.at\/shop\/wp-json\/wp\/v2\/media\/367"}],"wp:attachment":[{"href":"https:\/\/www.verlagshaus-hernals.at\/shop\/wp-json\/wp\/v2\/media?parent=368"}],"wp:term":[{"taxonomy":"product_brand","embeddable":true,"href":"https:\/\/www.verlagshaus-hernals.at\/shop\/wp-json\/wp\/v2\/product_brand?post=368"},{"taxonomy":"product_cat","embeddable":true,"href":"https:\/\/www.verlagshaus-hernals.at\/shop\/wp-json\/wp\/v2\/product_cat?post=368"},{"taxonomy":"product_tag","embeddable":true,"href":"https:\/\/www.verlagshaus-hernals.at\/shop\/wp-json\/wp\/v2\/product_tag?post=368"}],"curies":[{"name":"wp","href":"https:\/\/api.w.org\/{rel}","templated":true}]}}