{"id":340,"date":"2024-01-19T13:06:03","date_gmt":"2024-01-19T12:06:03","guid":{"rendered":"https:\/\/www.imerix.at\/bookshop\/produkt\/gestan-vuagestan-und-heit\/"},"modified":"2025-06-02T12:36:26","modified_gmt":"2025-06-02T10:36:26","slug":"gestan-vuagestan-und-heit","status":"publish","type":"product","link":"https:\/\/www.verlagshaus-hernals.at\/shop\/produkt\/gestan-vuagestan-und-heit\/","title":{"rendered":"Gestan, vuagestan und heit"},"content":{"rendered":"<p><em>Wien in F\u00fcnfzigern und Sechzigern<\/em><\/p>\n<p>Gedichte und Fotografien<\/p>\n<p>Petra Sela ist ein waschechtes Wiener Kind. Sie gibt das Lebensgef\u00fchl ihrer Heimatstadt, wie sie es als Kind erfahren hat, an j\u00fcngere Generationen weiter: Alles ging langsamer, man m\u00f6chte sagen gem\u00fctlicher, doch die Zeiten waren karg.<br \/>\nSie verbrachte viel Zeit im Augarten, im G\u00e4nseh\u00e4ufel, im Stra\u00dfenbahner Bad an der Alten Donau und im Schrebergarten des Gro\u00dfvaters. Sonntagsausfl\u00fcge machte man mit der Beiwagenmaschine ins nahe Burgenland oder nach Nieder\u00f6sterreich zu einem Kirtag.<br \/>\nMit ihren Gedichten nimmt Petra Sela die Leserinnen und Leser mit in das Wien der 1950er- und 1960er-Jahre.<\/p>\n","protected":false},"excerpt":{"rendered":"<p>116 Seiten, broschiert<br \/>\nmit Fotografien von Herbert Langm\u00fcller und Paul Dinter<br \/>\nISBN 978-3-903442-49-8&hellip; <a class=\"kt-excerpt-readmore more-link\" href=\"https:\/\/www.verlagshaus-hernals.at\/shop\/produkt\/gestan-vuagestan-und-heit\/\" aria-label=\"Gestan, vuagestan und heit\">Read More<\/a><\/p>\n","protected":false},"featured_media":339,"template":"","meta":{"kt_blocks_editor_width":"","_kad_blocks_custom_css":"","_kad_blocks_head_custom_js":"","_kad_blocks_body_custom_js":"","_kad_blocks_footer_custom_js":""},"product_brand":[],"product_cat":[38,91],"product_tag":[83],"class_list":{"0":"post-340","1":"product","2":"type-product","3":"status-publish","4":"has-post-thumbnail","6":"product_cat-lyrik","7":"product_cat-wien","8":"product_tag-petra-sela","10":"first","11":"instock","12":"taxable","13":"shipping-taxable","14":"purchasable","15":"product-type-simple"},"taxonomy_info":{"product_cat":[{"value":38,"label":"Lyrik"},{"value":91,"label":"Wien"}],"product_tag":[{"value":83,"label":"Petra Sela"}]},"featured_image_src_large":["https:\/\/www.verlagshaus-hernals.at\/shop\/wp-content\/uploads\/petra_sela-gestan_vuagestan_und_heit.jpg",638,900,false],"author_info":[],"comment_info":"","_links":{"self":[{"href":"https:\/\/www.verlagshaus-hernals.at\/shop\/wp-json\/wp\/v2\/product\/340","targetHints":{"allow":["GET"]}}],"collection":[{"href":"https:\/\/www.verlagshaus-hernals.at\/shop\/wp-json\/wp\/v2\/product"}],"about":[{"href":"https:\/\/www.verlagshaus-hernals.at\/shop\/wp-json\/wp\/v2\/types\/product"}],"wp:featuredmedia":[{"embeddable":true,"href":"https:\/\/www.verlagshaus-hernals.at\/shop\/wp-json\/wp\/v2\/media\/339"}],"wp:attachment":[{"href":"https:\/\/www.verlagshaus-hernals.at\/shop\/wp-json\/wp\/v2\/media?parent=340"}],"wp:term":[{"taxonomy":"product_brand","embeddable":true,"href":"https:\/\/www.verlagshaus-hernals.at\/shop\/wp-json\/wp\/v2\/product_brand?post=340"},{"taxonomy":"product_cat","embeddable":true,"href":"https:\/\/www.verlagshaus-hernals.at\/shop\/wp-json\/wp\/v2\/product_cat?post=340"},{"taxonomy":"product_tag","embeddable":true,"href":"https:\/\/www.verlagshaus-hernals.at\/shop\/wp-json\/wp\/v2\/product_tag?post=340"}],"curies":[{"name":"wp","href":"https:\/\/api.w.org\/{rel}","templated":true}]}}