{"id":338,"date":"2024-01-31T13:06:03","date_gmt":"2024-01-31T12:06:03","guid":{"rendered":"https:\/\/www.imerix.at\/bookshop\/produkt\/73-schmaehfreie-vierzeiler\/"},"modified":"2025-12-13T11:56:09","modified_gmt":"2025-12-13T10:56:09","slug":"73-schmaehfreie-vierzeiler","status":"publish","type":"product","link":"https:\/\/www.verlagshaus-hernals.at\/shop\/produkt\/73-schmaehfreie-vierzeiler\/","title":{"rendered":"73 schm\u00e4hfreie vierzeiler"},"content":{"rendered":"<p>\u201c \u2026 Stirner l\u00e4sst die Bilder im Kopf wie das Brausepulver im Nabel von Katharina Thalbach in \u201eDie Blechtrommel\u201c sprie\u00dfen. Da wie dort handelt es sich um poetische Kaleidoskope der menschlichen Unzul\u00e4nglichkeiten, die hinter der absurden Fassade erfahrbar werden:<\/p>\n<p>schboasaum binni ollaweu<br \/>\nhaaz de g\u00f6\u00f6dschein anzln ei<br \/>\nlezzdns hobi leida ghead<br \/>\nmaunche woan wos wead<\/p>\n<p>Stirner f\u00fchrt die Lesenden \u00fcber einen \u00e4u\u00dferst schmalen Grat zwischen Lachen und Weinen zu der eigentlich furchtbaren Erkenntnis, dass sich alles nur im Kreis dreht. Der 73. Vierzeiler \u2013 73 ist eine nur durch sich selbst zu teilende Primzahl \u2013 verweist uns wieder auf den Anfang:<\/p>\n<p>aa waunn ma si nie drau gwehnd<br \/>\nhead wos auf daunn kummds auns end<br \/>\nund grod des is da momend<br \/>\nden ma \u201aaunfaung\u2018 nennd<\/p>\n<p>Die positive Nachricht: Man kann wieder von vorn zu lesen beginnen.\u201c<br \/>\n[Armin Baumgartner, Wien 2023]\n","protected":false},"excerpt":{"rendered":"<p>108 Seiten, gebunden<br \/>\nISBN 978-3-903442-48-1&hellip; <a class=\"kt-excerpt-readmore more-link\" href=\"https:\/\/www.verlagshaus-hernals.at\/shop\/produkt\/73-schmaehfreie-vierzeiler\/\" aria-label=\"73 schm\u00e4hfreie vierzeiler\">Read More<\/a><\/p>\n","protected":false},"featured_media":337,"template":"","meta":{"kt_blocks_editor_width":"","_kad_blocks_custom_css":"","_kad_blocks_head_custom_js":"","_kad_blocks_body_custom_js":"","_kad_blocks_footer_custom_js":""},"product_brand":[],"product_cat":[38,91],"product_tag":[82],"class_list":{"0":"post-338","1":"product","2":"type-product","3":"status-publish","4":"has-post-thumbnail","6":"product_cat-lyrik","7":"product_cat-wien","8":"product_tag-karl-stirner","10":"first","11":"instock","12":"taxable","13":"shipping-taxable","14":"purchasable","15":"product-type-simple"},"taxonomy_info":{"product_cat":[{"value":38,"label":"Lyrik"},{"value":91,"label":"Wien"}],"product_tag":[{"value":82,"label":"karl stirner"}]},"featured_image_src_large":["https:\/\/www.verlagshaus-hernals.at\/shop\/wp-content\/uploads\/karl_stirner-73_vierzeiler.jpg",615,1004,false],"author_info":[],"comment_info":"","_links":{"self":[{"href":"https:\/\/www.verlagshaus-hernals.at\/shop\/wp-json\/wp\/v2\/product\/338","targetHints":{"allow":["GET"]}}],"collection":[{"href":"https:\/\/www.verlagshaus-hernals.at\/shop\/wp-json\/wp\/v2\/product"}],"about":[{"href":"https:\/\/www.verlagshaus-hernals.at\/shop\/wp-json\/wp\/v2\/types\/product"}],"wp:featuredmedia":[{"embeddable":true,"href":"https:\/\/www.verlagshaus-hernals.at\/shop\/wp-json\/wp\/v2\/media\/337"}],"wp:attachment":[{"href":"https:\/\/www.verlagshaus-hernals.at\/shop\/wp-json\/wp\/v2\/media?parent=338"}],"wp:term":[{"taxonomy":"product_brand","embeddable":true,"href":"https:\/\/www.verlagshaus-hernals.at\/shop\/wp-json\/wp\/v2\/product_brand?post=338"},{"taxonomy":"product_cat","embeddable":true,"href":"https:\/\/www.verlagshaus-hernals.at\/shop\/wp-json\/wp\/v2\/product_cat?post=338"},{"taxonomy":"product_tag","embeddable":true,"href":"https:\/\/www.verlagshaus-hernals.at\/shop\/wp-json\/wp\/v2\/product_tag?post=338"}],"curies":[{"name":"wp","href":"https:\/\/api.w.org\/{rel}","templated":true}]}}