{"id":330,"date":"2024-04-04T13:06:01","date_gmt":"2024-04-04T11:06:01","guid":{"rendered":"https:\/\/www.imerix.at\/bookshop\/produkt\/salon-helga\/"},"modified":"2025-06-02T12:36:45","modified_gmt":"2025-06-02T10:36:45","slug":"salon-helga","status":"publish","type":"product","link":"https:\/\/www.verlagshaus-hernals.at\/shop\/produkt\/salon-helga\/","title":{"rendered":"Salon Helga"},"content":{"rendered":"<p>In jungen Jahren von ihrem Schauspiellehrer Herwig Seeb\u00f6ck motiviert, neben der B\u00fchnen- auch die Herkunftssprache zu pflegen, sp\u00e4ter auch von Heli Deinboek inspiriert, schreibt und singt die geb\u00fcrtige Favoritnerin Eva Billisich schon lange im Wiener Dialekt. Nach den Tontr\u00e4gern Lasterlieder und Steig ei in mei Bluatbahn erscheint nun ihre erste Mundart-Textsammlung in Buchform.<\/p>\n","protected":false},"excerpt":{"rendered":"<p>142 Seiten, broschiert<br \/>\nISBN 978-3-903442-57-3&hellip; <a class=\"kt-excerpt-readmore more-link\" href=\"https:\/\/www.verlagshaus-hernals.at\/shop\/produkt\/salon-helga\/\" aria-label=\"Salon Helga\">Read More<\/a><\/p>\n","protected":false},"featured_media":329,"template":"","meta":{"kt_blocks_editor_width":"","_kad_blocks_custom_css":"","_kad_blocks_head_custom_js":"","_kad_blocks_body_custom_js":"","_kad_blocks_footer_custom_js":""},"product_brand":[],"product_cat":[38,91],"product_tag":[79],"class_list":{"0":"post-330","1":"product","2":"type-product","3":"status-publish","4":"has-post-thumbnail","6":"product_cat-lyrik","7":"product_cat-wien","8":"product_tag-eva-billisich","10":"first","11":"instock","12":"taxable","13":"shipping-taxable","14":"purchasable","15":"product-type-simple"},"taxonomy_info":{"product_cat":[{"value":38,"label":"Lyrik"},{"value":91,"label":"Wien"}],"product_tag":[{"value":79,"label":"Eva Billisich"}]},"featured_image_src_large":["https:\/\/www.verlagshaus-hernals.at\/shop\/wp-content\/uploads\/eva_billisich-salon_helga.jpg",537,900,false],"author_info":[],"comment_info":"","_links":{"self":[{"href":"https:\/\/www.verlagshaus-hernals.at\/shop\/wp-json\/wp\/v2\/product\/330","targetHints":{"allow":["GET"]}}],"collection":[{"href":"https:\/\/www.verlagshaus-hernals.at\/shop\/wp-json\/wp\/v2\/product"}],"about":[{"href":"https:\/\/www.verlagshaus-hernals.at\/shop\/wp-json\/wp\/v2\/types\/product"}],"wp:featuredmedia":[{"embeddable":true,"href":"https:\/\/www.verlagshaus-hernals.at\/shop\/wp-json\/wp\/v2\/media\/329"}],"wp:attachment":[{"href":"https:\/\/www.verlagshaus-hernals.at\/shop\/wp-json\/wp\/v2\/media?parent=330"}],"wp:term":[{"taxonomy":"product_brand","embeddable":true,"href":"https:\/\/www.verlagshaus-hernals.at\/shop\/wp-json\/wp\/v2\/product_brand?post=330"},{"taxonomy":"product_cat","embeddable":true,"href":"https:\/\/www.verlagshaus-hernals.at\/shop\/wp-json\/wp\/v2\/product_cat?post=330"},{"taxonomy":"product_tag","embeddable":true,"href":"https:\/\/www.verlagshaus-hernals.at\/shop\/wp-json\/wp\/v2\/product_tag?post=330"}],"curies":[{"name":"wp","href":"https:\/\/api.w.org\/{rel}","templated":true}]}}

<p>In jungen Jahren von ihrem Schauspiellehrer Herwig Seeböck motiviert, neben der Bühnen- auch die Herkunftssprache zu pflegen, später auch von Heli Deinboek inspiriert, schreibt und singt die gebürtige Favoritnerin Eva Billisich schon lange im Wiener Dialekt. Nach den Tonträgern Lasterlieder und Steig ei in mei Bluatbahn erscheint nun ihre erste Mundart-Textsammlung in Buchform.</p>
