{"id":324,"date":"2024-11-10T13:05:58","date_gmt":"2024-11-10T12:05:58","guid":{"rendered":"https:\/\/www.imerix.at\/bookshop\/produkt\/versvermessung\/"},"modified":"2025-04-18T17:03:12","modified_gmt":"2025-04-18T15:03:12","slug":"versvermessung","status":"publish","type":"product","link":"https:\/\/www.verlagshaus-hernals.at\/shop\/produkt\/versvermessung\/","title":{"rendered":"versvermessung"},"content":{"rendered":"<p>Es ist nicht hier beileibe das erste Mal, dass Rudolf Kraus seine Affinit\u00e4t zu Zahlen in seinem dichterischen Werk durchscheinen l\u00e4sst, doch in diesem Fall dr\u00fcckt er sie der Leserschaft nachgerade auf. Denn wie man es auch dreht und wendet: All die vorliegenden poetischen Kleinode basieren auf den japanischen Versformen Haiku (5-7-5) sowie Tanka (5-7-5-7-7) und sind im Grunde verspielte Erweiterungen respektive radikale Verk\u00fcrzungen derselben, deren Silben zusammengez\u00e4hlt meist ebenfalls wieder Primzahlen ergeben. \u2026<\/p>\n<p align=\"right\"><em>aus dem Nachwort von Armin Baumgartner<\/em><\/p>\n","protected":false},"excerpt":{"rendered":"<p>180 Seiten, gebunden<br \/>\nISBN\u00a0978-3-903442-62-7&hellip; <a class=\"kt-excerpt-readmore more-link\" href=\"https:\/\/www.verlagshaus-hernals.at\/shop\/produkt\/versvermessung\/\" aria-label=\"versvermessung\">Read More<\/a><\/p>\n","protected":false},"featured_media":323,"template":"","meta":{"kt_blocks_editor_width":"","_kad_blocks_custom_css":"","_kad_blocks_head_custom_js":"","_kad_blocks_body_custom_js":"","_kad_blocks_footer_custom_js":""},"product_brand":[],"product_cat":[38],"product_tag":[42],"class_list":{"0":"post-324","1":"product","2":"type-product","3":"status-publish","4":"has-post-thumbnail","6":"product_cat-lyrik","7":"product_tag-rudolf-kraus","9":"first","10":"instock","11":"taxable","12":"shipping-taxable","13":"purchasable","14":"product-type-simple"},"taxonomy_info":{"product_cat":[{"value":38,"label":"Lyrik"}],"product_tag":[{"value":42,"label":"Rudolf Kraus"}]},"featured_image_src_large":["https:\/\/www.verlagshaus-hernals.at\/shop\/wp-content\/uploads\/rudolf_kraus-versvermessung.jpg",467,811,false],"author_info":[],"comment_info":"","_links":{"self":[{"href":"https:\/\/www.verlagshaus-hernals.at\/shop\/wp-json\/wp\/v2\/product\/324","targetHints":{"allow":["GET"]}}],"collection":[{"href":"https:\/\/www.verlagshaus-hernals.at\/shop\/wp-json\/wp\/v2\/product"}],"about":[{"href":"https:\/\/www.verlagshaus-hernals.at\/shop\/wp-json\/wp\/v2\/types\/product"}],"wp:featuredmedia":[{"embeddable":true,"href":"https:\/\/www.verlagshaus-hernals.at\/shop\/wp-json\/wp\/v2\/media\/323"}],"wp:attachment":[{"href":"https:\/\/www.verlagshaus-hernals.at\/shop\/wp-json\/wp\/v2\/media?parent=324"}],"wp:term":[{"taxonomy":"product_brand","embeddable":true,"href":"https:\/\/www.verlagshaus-hernals.at\/shop\/wp-json\/wp\/v2\/product_brand?post=324"},{"taxonomy":"product_cat","embeddable":true,"href":"https:\/\/www.verlagshaus-hernals.at\/shop\/wp-json\/wp\/v2\/product_cat?post=324"},{"taxonomy":"product_tag","embeddable":true,"href":"https:\/\/www.verlagshaus-hernals.at\/shop\/wp-json\/wp\/v2\/product_tag?post=324"}],"curies":[{"name":"wp","href":"https:\/\/api.w.org\/{rel}","templated":true}]}}