{"id":322,"date":"2024-11-10T13:05:57","date_gmt":"2024-11-10T12:05:57","guid":{"rendered":"https:\/\/www.imerix.at\/bookshop\/produkt\/vom-heimkind-zum-akademiker\/"},"modified":"2025-12-27T17:28:07","modified_gmt":"2025-12-27T16:28:07","slug":"vom-heimkind-zum-akademiker","status":"publish","type":"product","link":"https:\/\/www.verlagshaus-hernals.at\/shop\/produkt\/vom-heimkind-zum-akademiker\/","title":{"rendered":"Vom Heimkind zum Akademiker"},"content":{"rendered":"<p>Johann Veith erz\u00e4hlt von seinem Aufwachsen in mehreren Heimen, so auch von seiner Zeit im Erziehungsheim Wilhelminenberg. Als zartes Kind ist er Mobbing ebenso ausgesetzt wie k\u00f6rperlicher Gewalt und medizinischen Versuchen. Im Alter von f\u00fcnf Jahren kommt es zu einer Begegnung mit einem Polizisten, die sein Leben pr\u00e4gen sollte. Veith beschlie\u00dft, auch Polizist zu werden. Allen Widrigkeiten zum Trotz, k\u00e4mpft er sich durch seine Kindheit, beginnt mit Kampfsport, wird Polizist, maturiert und studiert.<br \/>\nSeine Lebensgeschichte ist ein Pl\u00e4doyer f\u00fcr das Vertrauen in die eigene Kraft und Inspiration f\u00fcr alle jungen Menschen, deren Weg von Beginn an kein geebneter ist.<\/p>\n<p>&nbsp;<\/p>\n","protected":false},"excerpt":{"rendered":"<p>100 Seiten, Klappenbroschur<br \/>\nzahlreiche Abbildungen<br \/>\nISBN 978-3-903442-65-8&hellip; <a class=\"kt-excerpt-readmore more-link\" href=\"https:\/\/www.verlagshaus-hernals.at\/shop\/produkt\/vom-heimkind-zum-akademiker\/\" aria-label=\"Vom Heimkind zum Akademiker\">Read More<\/a><\/p>\n","protected":false},"featured_media":321,"template":"","meta":{"kt_blocks_editor_width":"","_kad_blocks_custom_css":"","_kad_blocks_head_custom_js":"","_kad_blocks_body_custom_js":"","_kad_blocks_footer_custom_js":""},"product_brand":[],"product_cat":[43],"product_tag":[44],"class_list":{"0":"post-322","1":"product","2":"type-product","3":"status-publish","4":"has-post-thumbnail","6":"product_cat-romane-erzaehlungen","7":"product_tag-johann-veith","9":"first","10":"instock","11":"taxable","12":"shipping-taxable","13":"purchasable","14":"product-type-simple"},"taxonomy_info":{"product_cat":[{"value":43,"label":"Romane &amp; Erz\u00e4hlungen"}],"product_tag":[{"value":44,"label":"Johann Veith"}]},"featured_image_src_large":["https:\/\/www.verlagshaus-hernals.at\/shop\/wp-content\/uploads\/johann_veith-heimkind.jpg",436,692,false],"author_info":[],"comment_info":"","_links":{"self":[{"href":"https:\/\/www.verlagshaus-hernals.at\/shop\/wp-json\/wp\/v2\/product\/322","targetHints":{"allow":["GET"]}}],"collection":[{"href":"https:\/\/www.verlagshaus-hernals.at\/shop\/wp-json\/wp\/v2\/product"}],"about":[{"href":"https:\/\/www.verlagshaus-hernals.at\/shop\/wp-json\/wp\/v2\/types\/product"}],"wp:featuredmedia":[{"embeddable":true,"href":"https:\/\/www.verlagshaus-hernals.at\/shop\/wp-json\/wp\/v2\/media\/321"}],"wp:attachment":[{"href":"https:\/\/www.verlagshaus-hernals.at\/shop\/wp-json\/wp\/v2\/media?parent=322"}],"wp:term":[{"taxonomy":"product_brand","embeddable":true,"href":"https:\/\/www.verlagshaus-hernals.at\/shop\/wp-json\/wp\/v2\/product_brand?post=322"},{"taxonomy":"product_cat","embeddable":true,"href":"https:\/\/www.verlagshaus-hernals.at\/shop\/wp-json\/wp\/v2\/product_cat?post=322"},{"taxonomy":"product_tag","embeddable":true,"href":"https:\/\/www.verlagshaus-hernals.at\/shop\/wp-json\/wp\/v2\/product_tag?post=322"}],"curies":[{"name":"wp","href":"https:\/\/api.w.org\/{rel}","templated":true}]}}

<p>Johann Veith erzählt von seinem Aufwachsen in mehreren Heimen, so auch von seiner Zeit im Erziehungsheim Wilhelminenberg. Als zartes Kind ist er Mobbing ebenso ausgesetzt wie körperlicher Gewalt und medizinischen Versuchen. Im Alter von fünf Jahren kommt es zu einer Begegnung mit einem Polizisten, die sein Leben prägen sollte. Veith beschließt, auch Polizist zu werden. Allen Widrigkeiten zum Trotz, kämpft er sich durch seine Kindheit, beginnt mit Kampfsport, wird Polizist, maturiert und studiert.<br />
Seine Lebensgeschichte ist ein Plädoyer für das Vertrauen in die eigene Kraft und Inspiration für alle jungen Menschen, deren Weg von Beginn an kein geebneter ist.</p>
<p>&nbsp;</p>

Romane &amp; Erzählungen
