{"id":316,"date":"2025-03-13T13:05:55","date_gmt":"2025-03-13T12:05:55","guid":{"rendered":"https:\/\/www.imerix.at\/bookshop\/produkt\/da-ist-ein-baum-in-japan\/"},"modified":"2025-06-16T09:29:44","modified_gmt":"2025-06-16T07:29:44","slug":"da-ist-ein-baum-in-japan","status":"publish","type":"product","link":"https:\/\/www.verlagshaus-hernals.at\/shop\/produkt\/da-ist-ein-baum-in-japan\/","title":{"rendered":"Da ist ein Baum in Japan"},"content":{"rendered":"<p><em>ins Deutsche \u00fcbersetzt von Birgit Albrecht<\/em><br \/>\n<em>mit einem Nachwort von Werner Wintersteiner<\/em><\/p>\n<p>In Nagasaki pflanzte ein junges Ehepaar einen kleinen Kakibaum im Garten seines neuen Hauses. Im Laufe der Jahre wuchs er zu einem gro\u00dfen und starken Baum heran. Er sah Kinder und Enkelkinder gro\u00df werden. Sie waren seine Familie.<br \/>\nJeden Herbst beschenkte er sie mit s\u00fc\u00dfen Fr\u00fcchten. Die Kinder kletterten in seine Krone, um das Meer in der Ferne zu bewundern. An einem Morgen Anfang August 1945 \u00e4nderte sich alles. Ein seltsamer, nie zuvor gesehener giftiger Pilz stieg in den Himmel auf.<\/p>\n<p>Die Explosion der Atombombe ver\u00e4nderte das Leben aller f\u00fcr immer. Der Kakibaum \u00fcberlebte und wurde zum Symbol f\u00fcr Hoffnung und Frieden.<\/p>\n<p>Die US-amerikanischen Atombombenabw\u00fcrfe auf Hiroshima und Nagasaki am 6. August und 9. August 1945 waren die bislang einzigen Eins\u00e4tze von Atomwaffen in einem Krieg.<\/p>\n<p>Eine Geschichte, die uns an die unendliche Kraft des Lebens erinnert.<\/p>\n","protected":false},"excerpt":{"rendered":"<p>80 Seiten, illustriert, gebunden, Farbdruck<br \/>\nISBN 978-3-903442-61-0&hellip; <a class=\"kt-excerpt-readmore more-link\" href=\"https:\/\/www.verlagshaus-hernals.at\/shop\/produkt\/da-ist-ein-baum-in-japan\/\" aria-label=\"Da ist ein Baum in Japan\">Read More<\/a><\/p>\n","protected":false},"featured_media":315,"template":"","meta":{"kt_blocks_editor_width":"","_kad_blocks_custom_css":"","_kad_blocks_head_custom_js":"","_kad_blocks_body_custom_js":"","_kad_blocks_footer_custom_js":""},"product_brand":[],"product_cat":[65],"product_tag":[75],"class_list":{"0":"post-316","1":"product","2":"type-product","3":"status-publish","4":"has-post-thumbnail","6":"product_cat-kinderbuch","7":"product_tag-bazzoli-ferrari","9":"first","10":"instock","11":"taxable","12":"shipping-taxable","13":"purchasable","14":"product-type-simple"},"taxonomy_info":{"product_cat":[{"value":65,"label":"Kinderbuch"}],"product_tag":[{"value":75,"label":"Bazzoli . Ferrari"}]},"featured_image_src_large":["https:\/\/www.verlagshaus-hernals.at\/shop\/wp-content\/uploads\/Chiara-Bazzoli_Baum-in-Japan.jpg",782,1000,false],"author_info":[],"comment_info":"","_links":{"self":[{"href":"https:\/\/www.verlagshaus-hernals.at\/shop\/wp-json\/wp\/v2\/product\/316","targetHints":{"allow":["GET"]}}],"collection":[{"href":"https:\/\/www.verlagshaus-hernals.at\/shop\/wp-json\/wp\/v2\/product"}],"about":[{"href":"https:\/\/www.verlagshaus-hernals.at\/shop\/wp-json\/wp\/v2\/types\/product"}],"wp:featuredmedia":[{"embeddable":true,"href":"https:\/\/www.verlagshaus-hernals.at\/shop\/wp-json\/wp\/v2\/media\/315"}],"wp:attachment":[{"href":"https:\/\/www.verlagshaus-hernals.at\/shop\/wp-json\/wp\/v2\/media?parent=316"}],"wp:term":[{"taxonomy":"product_brand","embeddable":true,"href":"https:\/\/www.verlagshaus-hernals.at\/shop\/wp-json\/wp\/v2\/product_brand?post=316"},{"taxonomy":"product_cat","embeddable":true,"href":"https:\/\/www.verlagshaus-hernals.at\/shop\/wp-json\/wp\/v2\/product_cat?post=316"},{"taxonomy":"product_tag","embeddable":true,"href":"https:\/\/www.verlagshaus-hernals.at\/shop\/wp-json\/wp\/v2\/product_tag?post=316"}],"curies":[{"name":"wp","href":"https:\/\/api.w.org\/{rel}","templated":true}]}}