{"id":294,"date":"2010-05-26T13:05:52","date_gmt":"2010-05-26T11:05:52","guid":{"rendered":"https:\/\/www.imerix.at\/bookshop\/produkt\/zwischen-universitaet-und-unternehmen\/"},"modified":"2025-04-18T19:38:55","modified_gmt":"2025-04-18T17:38:55","slug":"zwischen-universitaet-und-unternehmen","status":"publish","type":"product","link":"https:\/\/www.verlagshaus-hernals.at\/shop\/produkt\/zwischen-universitaet-und-unternehmen\/","title":{"rendered":"Zwischen Universit\u00e4t und Unternehmen"},"content":{"rendered":"<p>Das Buch gibt Auskunft, wie Forschung geschieht und geschehen kann, die sich pragmatischen Anforderungen und \u00f6konomischer Prozess- und Produktlogik ebenso verpflichtet f\u00fchlt wie theoretischen Anspr\u00fcchen und wissenschaftlichen Diskursen.<br \/>\nMaria Spindler und Martin Steger stellen exemplarisch konkrete Methoden von hoher praktischer und theoretischer Relevanz vor und geben einen \u00dcberblick \u00fcber ein sich immer weiter verzweigendes Spektrum unterschiedlicher Forschungsfacetten.<\/p>\n","protected":false},"excerpt":{"rendered":"<p>430 Seiten, gebunden<br \/>\nISBN 978-3-902744-07-4&hellip; <a class=\"kt-excerpt-readmore more-link\" href=\"https:\/\/www.verlagshaus-hernals.at\/shop\/produkt\/zwischen-universitaet-und-unternehmen\/\" aria-label=\"Zwischen Universit\u00e4t und Unternehmen\">Read More<\/a><\/p>\n","protected":false},"featured_media":293,"template":"","meta":{"kt_blocks_editor_width":"","_kad_blocks_custom_css":"","_kad_blocks_head_custom_js":"","_kad_blocks_body_custom_js":"","_kad_blocks_footer_custom_js":""},"product_brand":[],"product_cat":[49],"product_tag":[72],"class_list":{"0":"post-294","1":"product","2":"type-product","3":"status-publish","4":"has-post-thumbnail","6":"product_cat-wissenschaft","7":"product_tag-spindler","9":"first","10":"instock","11":"taxable","12":"shipping-taxable","13":"purchasable","14":"product-type-simple"},"taxonomy_info":{"product_cat":[{"value":49,"label":"Wissenschaft"}],"product_tag":[{"value":72,"label":"Spindler"}]},"featured_image_src_large":["https:\/\/www.verlagshaus-hernals.at\/shop\/wp-content\/uploads\/zwischen-universitaet-und-unternehmen.png",334,448,false],"author_info":[],"comment_info":"","_links":{"self":[{"href":"https:\/\/www.verlagshaus-hernals.at\/shop\/wp-json\/wp\/v2\/product\/294","targetHints":{"allow":["GET"]}}],"collection":[{"href":"https:\/\/www.verlagshaus-hernals.at\/shop\/wp-json\/wp\/v2\/product"}],"about":[{"href":"https:\/\/www.verlagshaus-hernals.at\/shop\/wp-json\/wp\/v2\/types\/product"}],"wp:featuredmedia":[{"embeddable":true,"href":"https:\/\/www.verlagshaus-hernals.at\/shop\/wp-json\/wp\/v2\/media\/293"}],"wp:attachment":[{"href":"https:\/\/www.verlagshaus-hernals.at\/shop\/wp-json\/wp\/v2\/media?parent=294"}],"wp:term":[{"taxonomy":"product_brand","embeddable":true,"href":"https:\/\/www.verlagshaus-hernals.at\/shop\/wp-json\/wp\/v2\/product_brand?post=294"},{"taxonomy":"product_cat","embeddable":true,"href":"https:\/\/www.verlagshaus-hernals.at\/shop\/wp-json\/wp\/v2\/product_cat?post=294"},{"taxonomy":"product_tag","embeddable":true,"href":"https:\/\/www.verlagshaus-hernals.at\/shop\/wp-json\/wp\/v2\/product_tag?post=294"}],"curies":[{"name":"wp","href":"https:\/\/api.w.org\/{rel}","templated":true}]}}