{"id":290,"date":"2020-10-26T13:05:51","date_gmt":"2020-10-26T12:05:51","guid":{"rendered":"https:\/\/www.imerix.at\/bookshop\/produkt\/gib-mir-ein-maerchen-mit-auf-den-weg\/"},"modified":"2025-04-18T19:36:48","modified_gmt":"2025-04-18T17:36:48","slug":"gib-mir-ein-maerchen-mit-auf-den-weg","status":"publish","type":"product","link":"https:\/\/www.verlagshaus-hernals.at\/shop\/produkt\/gib-mir-ein-maerchen-mit-auf-den-weg\/","title":{"rendered":"Gib mir ein M\u00e4rchen mit auf den Weg"},"content":{"rendered":"<p>Hatten Sie das Gl\u00fcck dereinst ein M\u00e4rchen zu h\u00f6ren, in dem ein Held oder eine Heldin durch einen dunklen Wald ging? Dann haben Sie emotional die Erfahrung gemacht, dass man aus dem Wald wieder hinausfindet, und Sie ein Weg auf eine Lichtung f\u00fchrt. Am Ende wird alles gut.<br \/>\nDurch die Emotionen, die Sie beim Erlebnis M\u00e4rchen hatten, sind Sie widerstandsf\u00e4hig geworden, f\u00fcr schwierige Situationen im Leben. Sie haben Selbstwirksamkeit erfahren. Sie sind resilient.<\/p>\n<p>Ist es so einfach?<br \/>\nK\u00f6nnen uns M\u00e4rchen f\u00fcr das Leben st\u00e4rken?<br \/>\nDas Buch gibt darauf Antwort.<\/p>\n","protected":false},"excerpt":{"rendered":"<p>140 Seiten, mit 10 Zeichnungen der Autorin, Klappenbroschur<br \/>\nISBN 978-3-902975-92-8&hellip; <a class=\"kt-excerpt-readmore more-link\" href=\"https:\/\/www.verlagshaus-hernals.at\/shop\/produkt\/gib-mir-ein-maerchen-mit-auf-den-weg\/\" aria-label=\"Gib mir ein M\u00e4rchen mit auf den Weg\">Read More<\/a><\/p>\n","protected":false},"featured_media":289,"template":"","meta":{"kt_blocks_editor_width":"","_kad_blocks_custom_css":"","_kad_blocks_head_custom_js":"","_kad_blocks_body_custom_js":"","_kad_blocks_footer_custom_js":""},"product_brand":[],"product_cat":[61],"product_tag":[],"class_list":{"0":"post-290","1":"product","2":"type-product","3":"status-publish","4":"has-post-thumbnail","6":"product_cat-sachbuch","8":"first","9":"instock","10":"taxable","11":"shipping-taxable","12":"purchasable","13":"product-type-simple"},"taxonomy_info":{"product_cat":[{"value":61,"label":"Sachbuch"}]},"featured_image_src_large":["https:\/\/www.verlagshaus-hernals.at\/shop\/wp-content\/uploads\/martina_kircher-gib_mir_ein_maerchen_mit_auf_den_weg.jpg",633,902,false],"author_info":[],"comment_info":"","_links":{"self":[{"href":"https:\/\/www.verlagshaus-hernals.at\/shop\/wp-json\/wp\/v2\/product\/290","targetHints":{"allow":["GET"]}}],"collection":[{"href":"https:\/\/www.verlagshaus-hernals.at\/shop\/wp-json\/wp\/v2\/product"}],"about":[{"href":"https:\/\/www.verlagshaus-hernals.at\/shop\/wp-json\/wp\/v2\/types\/product"}],"wp:featuredmedia":[{"embeddable":true,"href":"https:\/\/www.verlagshaus-hernals.at\/shop\/wp-json\/wp\/v2\/media\/289"}],"wp:attachment":[{"href":"https:\/\/www.verlagshaus-hernals.at\/shop\/wp-json\/wp\/v2\/media?parent=290"}],"wp:term":[{"taxonomy":"product_brand","embeddable":true,"href":"https:\/\/www.verlagshaus-hernals.at\/shop\/wp-json\/wp\/v2\/product_brand?post=290"},{"taxonomy":"product_cat","embeddable":true,"href":"https:\/\/www.verlagshaus-hernals.at\/shop\/wp-json\/wp\/v2\/product_cat?post=290"},{"taxonomy":"product_tag","embeddable":true,"href":"https:\/\/www.verlagshaus-hernals.at\/shop\/wp-json\/wp\/v2\/product_tag?post=290"}],"curies":[{"name":"wp","href":"https:\/\/api.w.org\/{rel}","templated":true}]}}