{"id":264,"date":"2017-11-17T13:05:45","date_gmt":"2017-11-17T12:05:45","guid":{"rendered":"https:\/\/www.imerix.at\/bookshop\/produkt\/guchs-fliegt-nicht\/"},"modified":"2025-04-18T19:25:46","modified_gmt":"2025-04-18T17:25:46","slug":"guchs-fliegt-nicht","status":"publish","type":"product","link":"https:\/\/www.verlagshaus-hernals.at\/shop\/produkt\/guchs-fliegt-nicht\/","title":{"rendered":"Guchs fliegt nicht!"},"content":{"rendered":"<p>Zum Geburtstag erwartet Guchs \u2013 halb Gans, halb Fuchs \u2013 eine besondere \u00dcberraschung. Und zwar am Ende einer Schnitzeljagd.<br \/>\nDas macht Spa\u00df!<br \/>\nDas ist spannend!<br \/>\nDas ist \u2026 schwierig \u2026<br \/>\nOh nein!<br \/>\nWird er jemals ankommen?<br \/>\nW\u00e4ren seine Fl\u00fcgel nicht doch ganz n\u00fctzlich?<br \/>\nUnd was hat das mit dem ewig piesackenden Waschb\u00e4ren zu tun?<\/p>\n<p>\u00dcber einen R\u00e4tselparkour werden Lesende und Vorlesende an tiefere Themen wie Anderssein, Mobbing, Selbstwert und Freundschaft herangef\u00fchrt.<br \/>\nEbenso wird die Bedeutsamkeit der leiblichen Elternteile \u2013 besonders in Patchworkfamilien \u2013 betont. Und zwar ohne, dass sich die beiden Welten vermischen m\u00fcssen.<\/p>\n","protected":false},"excerpt":{"rendered":"<p>32 Seiten, gebunden<br \/>\nISBN 978-3-902975-60-7&hellip; <a class=\"kt-excerpt-readmore more-link\" href=\"https:\/\/www.verlagshaus-hernals.at\/shop\/produkt\/guchs-fliegt-nicht\/\" aria-label=\"Guchs fliegt nicht!\">Read More<\/a><\/p>\n","protected":false},"featured_media":263,"template":"","meta":{"kt_blocks_editor_width":"","_kad_blocks_custom_css":"","_kad_blocks_head_custom_js":"","_kad_blocks_body_custom_js":"","_kad_blocks_footer_custom_js":""},"product_brand":[],"product_cat":[65],"product_tag":[],"class_list":{"0":"post-264","1":"product","2":"type-product","3":"status-publish","4":"has-post-thumbnail","6":"product_cat-kinderbuch","8":"first","9":"instock","10":"taxable","11":"shipping-taxable","12":"purchasable","13":"product-type-simple"},"taxonomy_info":{"product_cat":[{"value":65,"label":"Kinderbuch"}]},"featured_image_src_large":["https:\/\/www.verlagshaus-hernals.at\/shop\/wp-content\/uploads\/nicole_maria_reif-guchs_fliegt_nicht.jpg",526,648,false],"author_info":[],"comment_info":"","_links":{"self":[{"href":"https:\/\/www.verlagshaus-hernals.at\/shop\/wp-json\/wp\/v2\/product\/264","targetHints":{"allow":["GET"]}}],"collection":[{"href":"https:\/\/www.verlagshaus-hernals.at\/shop\/wp-json\/wp\/v2\/product"}],"about":[{"href":"https:\/\/www.verlagshaus-hernals.at\/shop\/wp-json\/wp\/v2\/types\/product"}],"wp:featuredmedia":[{"embeddable":true,"href":"https:\/\/www.verlagshaus-hernals.at\/shop\/wp-json\/wp\/v2\/media\/263"}],"wp:attachment":[{"href":"https:\/\/www.verlagshaus-hernals.at\/shop\/wp-json\/wp\/v2\/media?parent=264"}],"wp:term":[{"taxonomy":"product_brand","embeddable":true,"href":"https:\/\/www.verlagshaus-hernals.at\/shop\/wp-json\/wp\/v2\/product_brand?post=264"},{"taxonomy":"product_cat","embeddable":true,"href":"https:\/\/www.verlagshaus-hernals.at\/shop\/wp-json\/wp\/v2\/product_cat?post=264"},{"taxonomy":"product_tag","embeddable":true,"href":"https:\/\/www.verlagshaus-hernals.at\/shop\/wp-json\/wp\/v2\/product_tag?post=264"}],"curies":[{"name":"wp","href":"https:\/\/api.w.org\/{rel}","templated":true}]}}

<p>Zum Geburtstag erwartet Guchs – halb Gans, halb Fuchs – eine besondere Überraschung. Und zwar am Ende einer Schnitzeljagd.<br />
Das macht Spaß!<br />
Das ist spannend!<br />
Das ist … schwierig …<br />
Oh nein!<br />
Wird er jemals ankommen?<br />
Wären seine Flügel nicht doch ganz nützlich?<br />
Und was hat das mit dem ewig piesackenden Waschbären zu tun?</p>
<p>Über einen Rätselparkour werden Lesende und Vorlesende an tiefere Themen wie Anderssein, Mobbing, Selbstwert und Freundschaft herangeführt.<br />
Ebenso wird die Bedeutsamkeit der leiblichen Elternteile – besonders in Patchworkfamilien – betont. Und zwar ohne, dass sich die beiden Welten vermischen müssen.</p>
