{"id":252,"date":"2020-07-15T13:05:43","date_gmt":"2020-07-15T11:05:43","guid":{"rendered":"https:\/\/www.imerix.at\/bookshop\/produkt\/eine-klasse-fuer-sich\/"},"modified":"2026-04-20T13:19:18","modified_gmt":"2026-04-20T11:19:18","slug":"eine-klasse-fuer-sich","status":"publish","type":"product","link":"https:\/\/www.verlagshaus-hernals.at\/shop\/produkt\/eine-klasse-fuer-sich\/","title":{"rendered":"Eine Klasse f\u00fcr sich"},"content":{"rendered":"<p>Als Frauen in Wien zwischen 1935 und 1938 eine Fu\u00dfball-Meisterschaft austrugen, war \u00d6sterreich weltweit das einzige Land mit eigenen Titelk\u00e4mpfen.<\/p>\n<p>Die in den 1920er-Jahren begonnene und seit 1934 st\u00fcrmisch vorangetriebene Entwicklung machte Wien zu einem der Zentren in der Fr\u00fchgeschichte des Frauenfu\u00dfballs.<\/p>\n<p>Es ist an der Zeit, die au\u00dfergew\u00f6hnliche Geschichte der ersten \u00f6sterreichischen Fu\u00dfballerinnen in Wort und Bild nachzuzeichnen und sie in detaillierten Statistiken aufzuarbeiten. In vielerlei Hinsicht waren \u00d6sterreichs erste Fu\u00dfballerinnen \u201eeine Klasse f\u00fcr sich\u201c.<\/p>\n<p>Dass dieser Aufschwung just in der Zeit des \u201eAustrofaschismus\u201c gelang, macht ihn auch gesellschafts- und genderpolitisch bedeutsam.<br \/>\nOffiziell nahm der \u201eDamenfu\u00dfball\u201c erst im Jahr 1971 mit der Aufhebung des generellen Spielverbots des \u00d6FB auf den Verbandspl\u00e4tzen seinen Anfang. Doch der Kulturwissenschaftler und Historiker Matthias Marschik und der Frauenfu\u00dfball-Forscher und -Trainer Helge Faller begeben sich in diesem Buch auf die Spuren des \u201eDamenfu\u00dfballs\u201c in \u00d6sterreich.<\/p>\n<p>Sie finden Hinweise darauf, dass Frauen schon vor dem Ersten Weltkrieg in Wien Fu\u00dfball spielten und zeichnen die \u2013 sogar fotografisch festgehaltenen \u2013 intensiven Aktivit\u00e4ten seit dem Jahr 1923 nach. Der Schwerpunkt liegt auf dem Ligabetrieb der Jahre 1935 bis 1938. Begonnen hatte es als kurzfristige Belustigung f\u00fcr ein M\u00e4nnerpublikum, als Radsportidol Ferry Dusika die Frauen trainiert hatte und Matthias Sindelar im Oktober 1935 vor 3.000 Besuchern den Ankick vornahm. Das Buch zeichnet im Detail nach, wie und wieso diese \u201eHetz\u201c trotz Verboten durch staatliche Sportorganisationen und den \u00d6FB in eine dreij\u00e4hrige Bl\u00fctezeit des Frauenfu\u00dfballs in Wien \u00fcberging.<\/p>\n","protected":false},"excerpt":{"rendered":"<p>366 Seiten, 100 Fotos, A4, gebunden<br \/>\nISBN 978-3-902975-89-8&hellip; <a class=\"kt-excerpt-readmore more-link\" href=\"https:\/\/www.verlagshaus-hernals.at\/shop\/produkt\/eine-klasse-fuer-sich\/\" aria-label=\"Eine Klasse f\u00fcr sich\">Read More<\/a><\/p>\n","protected":false},"featured_media":251,"template":"","meta":{"kt_blocks_editor_width":"","_kad_blocks_custom_css":"","_kad_blocks_head_custom_js":"","_kad_blocks_body_custom_js":"","_kad_blocks_footer_custom_js":""},"product_brand":[],"product_cat":[51,91],"product_tag":[101,64],"class_list":{"0":"post-252","1":"product","2":"type-product","3":"status-publish","4":"has-post-thumbnail","6":"product_cat-historisches","7":"product_cat-wien","8":"product_tag-fussball","9":"product_tag-marschik","11":"first","12":"instock","13":"taxable","14":"shipping-taxable","15":"purchasable","16":"product-type-simple"},"taxonomy_info":{"product_cat":[{"value":51,"label":"Historisches"},{"value":91,"label":"Wien"}],"product_tag":[{"value":101,"label":"Fu\u00dfball"},{"value":64,"label":"Marschik"}]},"featured_image_src_large":["https:\/\/www.verlagshaus-hernals.at\/shop\/wp-content\/uploads\/faller_marschik-eine_klasse_fuer_sich.png",578,814,false],"author_info":[],"comment_info":"","_links":{"self":[{"href":"https:\/\/www.verlagshaus-hernals.at\/shop\/wp-json\/wp\/v2\/product\/252","targetHints":{"allow":["GET"]}}],"collection":[{"href":"https:\/\/www.verlagshaus-hernals.at\/shop\/wp-json\/wp\/v2\/product"}],"about":[{"href":"https:\/\/www.verlagshaus-hernals.at\/shop\/wp-json\/wp\/v2\/types\/product"}],"wp:featuredmedia":[{"embeddable":true,"href":"https:\/\/www.verlagshaus-hernals.at\/shop\/wp-json\/wp\/v2\/media\/251"}],"wp:attachment":[{"href":"https:\/\/www.verlagshaus-hernals.at\/shop\/wp-json\/wp\/v2\/media?parent=252"}],"wp:term":[{"taxonomy":"product_brand","embeddable":true,"href":"https:\/\/www.verlagshaus-hernals.at\/shop\/wp-json\/wp\/v2\/product_brand?post=252"},{"taxonomy":"product_cat","embeddable":true,"href":"https:\/\/www.verlagshaus-hernals.at\/shop\/wp-json\/wp\/v2\/product_cat?post=252"},{"taxonomy":"product_tag","embeddable":true,"href":"https:\/\/www.verlagshaus-hernals.at\/shop\/wp-json\/wp\/v2\/product_tag?post=252"}],"curies":[{"name":"wp","href":"https:\/\/api.w.org\/{rel}","templated":true}]}}