{"id":248,"date":"2017-09-19T13:05:43","date_gmt":"2017-09-19T11:05:43","guid":{"rendered":"https:\/\/www.imerix.at\/bookshop\/produkt\/rauchende-sportler\/"},"modified":"2025-04-18T17:18:57","modified_gmt":"2025-04-18T15:18:57","slug":"rauchende-sportler","status":"publish","type":"product","link":"https:\/\/www.verlagshaus-hernals.at\/shop\/produkt\/rauchende-sportler\/","title":{"rendered":"Rauchende Sportler"},"content":{"rendered":"<p>Rauchende Sportler: Der Topos klingt speziell aus aktueller Sicht schlicht widerspr\u00fcchlich.<br \/>\nGesundheit in Form k\u00f6rperlicher Ert\u00fcchtigung und Fitness scheint auf physische Sch\u00e4digung, auf Pathogenit\u00e4t, auf die individuell zu verantwortende Noxe schlechthin, zu treffen.<\/p>\n<p>Doch bei n\u00e4herer Betrachtung erweist sich die Kombination von Sport und Nikotin als gesellschaftshistorisch wie kulturpsychologisch h\u00f6chst wechselvolle Abfolge komplexer Beziehungen, in der sich Maskulinit\u00e4t und Modernit\u00e4t, Entspannung und Leistungsoptimierung, \u00f6konomische Interessen und werbliche Strategien in immer neuen Konstellationen mitunter erg\u00e4nzen, ein andermal durchkreuzen.<br \/>\nVon der um 1900 noch selbstverst\u00e4ndlichen Zigarette nach dem Match bis zur Siegeszigarre der 1930er-Jahre und von der massiven Tabakwerbung im Motorsport der 1970er bis zur Anprangerung rauchender Sportler durch Medien und ihre Paparazzi spannt sich der Bogen des Sujets.<br \/>\nAus der Retrospektive treten neben \u00f6ffentliche Widerspr\u00fcche wohl ebenso viele Gemeinsamkeiten und \u00dcberschneidungen.<\/p>\n<p>Im vorliegenden Band wird der Konnex von Rauchen und Sport aus dem speziellen Blickwinkel betrachtet, warum der aus unmittelbarer Anschauung, aus Medienberichten und aus der Werbung bekannte Sachverhalt auffallend selten von fotografischen Abbildungen rauchender Sportler (und selten auch Sportlerinnen) begleitet wird. Im Mittelpunkt steht die Frage nach der Bedeutung jener Ikonophobie, die aus dem rauchenden Sportler f\u00fcr lange Zeit ein obsz\u00f6nes Sujet machte.<\/p>\n","protected":false},"excerpt":{"rendered":"<p>174 Seiten, 121 Fotos, Klappenbroschur<br \/>\nISBN 978-3-902975-52-2&hellip; <a class=\"kt-excerpt-readmore more-link\" href=\"https:\/\/www.verlagshaus-hernals.at\/shop\/produkt\/rauchende-sportler\/\" aria-label=\"Rauchende Sportler\">Read More<\/a><\/p>\n","protected":false},"featured_media":247,"template":"","meta":{"kt_blocks_editor_width":"","_kad_blocks_custom_css":"","_kad_blocks_head_custom_js":"","_kad_blocks_body_custom_js":"","_kad_blocks_footer_custom_js":""},"product_brand":[],"product_cat":[51],"product_tag":[64],"class_list":{"0":"post-248","1":"product","2":"type-product","3":"status-publish","4":"has-post-thumbnail","6":"product_cat-historisches","7":"product_tag-marschik","9":"first","10":"instock","11":"taxable","12":"shipping-taxable","13":"purchasable","14":"product-type-simple"},"taxonomy_info":{"product_cat":[{"value":51,"label":"Historisches"}],"product_tag":[{"value":64,"label":"Marschik"}]},"featured_image_src_large":["https:\/\/www.verlagshaus-hernals.at\/shop\/wp-content\/uploads\/marschik-sachsse-rauchende_sportler.jpg",461,650,false],"author_info":[],"comment_info":"","_links":{"self":[{"href":"https:\/\/www.verlagshaus-hernals.at\/shop\/wp-json\/wp\/v2\/product\/248","targetHints":{"allow":["GET"]}}],"collection":[{"href":"https:\/\/www.verlagshaus-hernals.at\/shop\/wp-json\/wp\/v2\/product"}],"about":[{"href":"https:\/\/www.verlagshaus-hernals.at\/shop\/wp-json\/wp\/v2\/types\/product"}],"wp:featuredmedia":[{"embeddable":true,"href":"https:\/\/www.verlagshaus-hernals.at\/shop\/wp-json\/wp\/v2\/media\/247"}],"wp:attachment":[{"href":"https:\/\/www.verlagshaus-hernals.at\/shop\/wp-json\/wp\/v2\/media?parent=248"}],"wp:term":[{"taxonomy":"product_brand","embeddable":true,"href":"https:\/\/www.verlagshaus-hernals.at\/shop\/wp-json\/wp\/v2\/product_brand?post=248"},{"taxonomy":"product_cat","embeddable":true,"href":"https:\/\/www.verlagshaus-hernals.at\/shop\/wp-json\/wp\/v2\/product_cat?post=248"},{"taxonomy":"product_tag","embeddable":true,"href":"https:\/\/www.verlagshaus-hernals.at\/shop\/wp-json\/wp\/v2\/product_tag?post=248"}],"curies":[{"name":"wp","href":"https:\/\/api.w.org\/{rel}","templated":true}]}}