{"id":197,"date":"2016-06-27T13:05:33","date_gmt":"2016-06-27T11:05:33","guid":{"rendered":"https:\/\/www.imerix.at\/bookshop\/produkt\/sternensturz\/"},"modified":"2025-04-18T19:16:36","modified_gmt":"2025-04-18T17:16:36","slug":"sternensturz","status":"publish","type":"product","link":"https:\/\/www.verlagshaus-hernals.at\/shop\/produkt\/sternensturz\/","title":{"rendered":"Sternensturz"},"content":{"rendered":"<p>Harald W. Vetter pr\u00e4sentiert einen \u00dcberblick \u00fcber sein literarisches Schaffen.<br \/>\nErg\u00e4nzt wird das Buch durch Zeichnungen des K\u00fcnstlers.<\/p>\n<p><em>Was die Welt wiegt, pr\u00fcft, verkl\u00e4rt, verfremdet oder verachtet er, bis das Blickfeld transparent wird \u2013 in Kontrasten von dunkler Schwermut bis zu greller Ironie. Behaglich sein muss bei Vetter nichts, nur wahrhaftig. Seine Sprachlandschaft leuchtet von erratischen H\u00f6henfeuern, Koten des Ermessens setzt er auf Berge, Inseln sind ihm Ausgangspunkte auf dem Weg zum Sein. Wo er einsteigt, geraten wir in auszulotende Tiefen.<\/em><br \/>\n<em>[Eva M. Kittelmann]<\/em><\/p>\n","protected":false},"excerpt":{"rendered":"<p>90 Seiten, Klappenbroschur<br \/>\nISBN 978-3-902975-40-9&hellip; <a class=\"kt-excerpt-readmore more-link\" href=\"https:\/\/www.verlagshaus-hernals.at\/shop\/produkt\/sternensturz\/\" aria-label=\"Sternensturz\">Read More<\/a><\/p>\n","protected":false},"featured_media":196,"template":"","meta":{"kt_blocks_editor_width":"","_kad_blocks_custom_css":"","_kad_blocks_head_custom_js":"","_kad_blocks_body_custom_js":"","_kad_blocks_footer_custom_js":""},"product_brand":[],"product_cat":[38],"product_tag":[45],"class_list":{"0":"post-197","1":"product","2":"type-product","3":"status-publish","4":"has-post-thumbnail","6":"product_cat-lyrik","7":"product_tag-harald-w-vetter","9":"first","10":"instock","11":"taxable","12":"shipping-taxable","13":"purchasable","14":"product-type-simple"},"taxonomy_info":{"product_cat":[{"value":38,"label":"Lyrik"}],"product_tag":[{"value":45,"label":"Harald W. Vetter"}]},"featured_image_src_large":["https:\/\/www.verlagshaus-hernals.at\/shop\/wp-content\/uploads\/vetter-sternensturz.jpg",532,648,false],"author_info":[],"comment_info":"","_links":{"self":[{"href":"https:\/\/www.verlagshaus-hernals.at\/shop\/wp-json\/wp\/v2\/product\/197","targetHints":{"allow":["GET"]}}],"collection":[{"href":"https:\/\/www.verlagshaus-hernals.at\/shop\/wp-json\/wp\/v2\/product"}],"about":[{"href":"https:\/\/www.verlagshaus-hernals.at\/shop\/wp-json\/wp\/v2\/types\/product"}],"wp:featuredmedia":[{"embeddable":true,"href":"https:\/\/www.verlagshaus-hernals.at\/shop\/wp-json\/wp\/v2\/media\/196"}],"wp:attachment":[{"href":"https:\/\/www.verlagshaus-hernals.at\/shop\/wp-json\/wp\/v2\/media?parent=197"}],"wp:term":[{"taxonomy":"product_brand","embeddable":true,"href":"https:\/\/www.verlagshaus-hernals.at\/shop\/wp-json\/wp\/v2\/product_brand?post=197"},{"taxonomy":"product_cat","embeddable":true,"href":"https:\/\/www.verlagshaus-hernals.at\/shop\/wp-json\/wp\/v2\/product_cat?post=197"},{"taxonomy":"product_tag","embeddable":true,"href":"https:\/\/www.verlagshaus-hernals.at\/shop\/wp-json\/wp\/v2\/product_tag?post=197"}],"curies":[{"name":"wp","href":"https:\/\/api.w.org\/{rel}","templated":true}]}}

<p>Harald W. Vetter präsentiert einen Überblick über sein literarisches Schaffen.<br />
Ergänzt wird das Buch durch Zeichnungen des Künstlers.</p>
<p><em>Was die Welt wiegt, prüft, verklärt, verfremdet oder verachtet er, bis das Blickfeld transparent wird – in Kontrasten von dunkler Schwermut bis zu greller Ironie. Behaglich sein muss bei Vetter nichts, nur wahrhaftig. Seine Sprachlandschaft leuchtet von erratischen Höhenfeuern, Koten des Ermessens setzt er auf Berge, Inseln sind ihm Ausgangspunkte auf dem Weg zum Sein. Wo er einsteigt, geraten wir in auszulotende Tiefen.</em><br />
<em>[Eva M. Kittelmann]</em></p>
