{"id":193,"date":"2016-05-09T13:05:32","date_gmt":"2016-05-09T11:05:32","guid":{"rendered":"https:\/\/www.imerix.at\/bookshop\/produkt\/warten-auf-beckett\/"},"modified":"2025-04-18T19:14:49","modified_gmt":"2025-04-18T17:14:49","slug":"warten-auf-beckett","status":"publish","type":"product","link":"https:\/\/www.verlagshaus-hernals.at\/shop\/produkt\/warten-auf-beckett\/","title":{"rendered":"warten auf beckett"},"content":{"rendered":"<p>In diesem Band widmet Rudolf Kraus seine als Sprachminiaturen bekannten Gedichte Schriftstellern, Musikern und Pers\u00f6nlichkeiten der Gegenwart und der Vergangenheit.Kraus gelingt es, mit wenigen Worten Bilder zu malen.<\/p>\n<p><em>Wie programmatisch-erfrischend:<\/em><br \/>\n<em>In Rudolf Kraus\u2019 Sprachminiaturen wartet Kraushaarrudi<\/em><br \/>\n<em>gemeinsam mit Hansi Lang eine Nacht lang auf Beckett,<\/em><br \/>\n<em>verschluckt schmackhafte Worte von Wis\u0142awa Szymborska,<\/em><br \/>\n<em>l\u00e4sst sich von der Souver\u00e4nit\u00e4t f\u00fcr H.C. Artmann ins Hirn greifen,<\/em><br \/>\n<em>h\u00f6rt dabei Giordano Bruno schreien \u2013 und widmet auch mir pers\u00f6nlich ein Gedicht.<\/em><br \/>\n<em>Ich bitte Sie um Verst\u00e4ndnis f\u00fcr meine Befangenheit.<\/em><\/p>\n<p><em>Armin Baumgartner<\/em><\/p>\n","protected":false},"excerpt":{"rendered":"<p>65 Seiten, gebunden<br \/>\nISBN 978-3-902975-37-9&hellip; <a class=\"kt-excerpt-readmore more-link\" href=\"https:\/\/www.verlagshaus-hernals.at\/shop\/produkt\/warten-auf-beckett\/\" aria-label=\"warten auf beckett\">Read More<\/a><\/p>\n","protected":false},"featured_media":192,"template":"","meta":{"kt_blocks_editor_width":"","_kad_blocks_custom_css":"","_kad_blocks_head_custom_js":"","_kad_blocks_body_custom_js":"","_kad_blocks_footer_custom_js":""},"product_brand":[],"product_cat":[38],"product_tag":[42],"class_list":{"0":"post-193","1":"product","2":"type-product","3":"status-publish","4":"has-post-thumbnail","6":"product_cat-lyrik","7":"product_tag-rudolf-kraus","9":"first","10":"instock","11":"taxable","12":"shipping-taxable","13":"purchasable","14":"product-type-simple"},"taxonomy_info":{"product_cat":[{"value":38,"label":"Lyrik"}],"product_tag":[{"value":42,"label":"Rudolf Kraus"}]},"featured_image_src_large":["https:\/\/www.verlagshaus-hernals.at\/shop\/wp-content\/uploads\/rudolf_kraus-warten_auf_beckett.jpg",371,648,false],"author_info":[],"comment_info":"","_links":{"self":[{"href":"https:\/\/www.verlagshaus-hernals.at\/shop\/wp-json\/wp\/v2\/product\/193","targetHints":{"allow":["GET"]}}],"collection":[{"href":"https:\/\/www.verlagshaus-hernals.at\/shop\/wp-json\/wp\/v2\/product"}],"about":[{"href":"https:\/\/www.verlagshaus-hernals.at\/shop\/wp-json\/wp\/v2\/types\/product"}],"wp:featuredmedia":[{"embeddable":true,"href":"https:\/\/www.verlagshaus-hernals.at\/shop\/wp-json\/wp\/v2\/media\/192"}],"wp:attachment":[{"href":"https:\/\/www.verlagshaus-hernals.at\/shop\/wp-json\/wp\/v2\/media?parent=193"}],"wp:term":[{"taxonomy":"product_brand","embeddable":true,"href":"https:\/\/www.verlagshaus-hernals.at\/shop\/wp-json\/wp\/v2\/product_brand?post=193"},{"taxonomy":"product_cat","embeddable":true,"href":"https:\/\/www.verlagshaus-hernals.at\/shop\/wp-json\/wp\/v2\/product_cat?post=193"},{"taxonomy":"product_tag","embeddable":true,"href":"https:\/\/www.verlagshaus-hernals.at\/shop\/wp-json\/wp\/v2\/product_tag?post=193"}],"curies":[{"name":"wp","href":"https:\/\/api.w.org\/{rel}","templated":true}]}}

<p>In diesem Band widmet Rudolf Kraus seine als Sprachminiaturen bekannten Gedichte Schriftstellern, Musikern und Persönlichkeiten der Gegenwart und der Vergangenheit.Kraus gelingt es, mit wenigen Worten Bilder zu malen.</p>
<p><em>Wie programmatisch-erfrischend:</em><br />
<em>In Rudolf Kraus’ Sprachminiaturen wartet Kraushaarrudi</em><br />
<em>gemeinsam mit Hansi Lang eine Nacht lang auf Beckett,</em><br />
<em>verschluckt schmackhafte Worte von Wisława Szymborska,</em><br />
<em>lässt sich von der Souveränität für H.C. Artmann ins Hirn greifen,</em><br />
<em>hört dabei Giordano Bruno schreien – und widmet auch mir persönlich ein Gedicht.</em><br />
<em>Ich bitte Sie um Verständnis für meine Befangenheit.</em></p>
<p><em>Armin Baumgartner</em></p>
