{"id":164,"date":"2011-06-08T13:05:28","date_gmt":"2011-06-08T11:05:28","guid":{"rendered":"https:\/\/www.imerix.at\/bookshop\/produkt\/nah-auf-stellung\/"},"modified":"2025-04-18T17:46:57","modified_gmt":"2025-04-18T15:46:57","slug":"nah-auf-stellung","status":"publish","type":"product","link":"https:\/\/www.verlagshaus-hernals.at\/shop\/produkt\/nah-auf-stellung\/","title":{"rendered":"nah.auf.stellung"},"content":{"rendered":"<p>Monika Vasik ist Lyrikerin aus Leidenschaft. Sie ver\u00f6ffentlicht seit Jahren in Literaturzeitschriften und in Anthologien. &#8217;nah.auf.stellung&#8216; ist ihr erster Gedichtband, Nationalsozialismus ist sein Thema. Es sind mahnende, ersch\u00fctternde und aufr\u00fcttelnde Gedichte, die an die geschehenen Greuel erinnern, auf Wiederbet\u00e4tigungstendenzen in unserem Land aufmerksam machen und davor warnen. Vasiks Sprache ist stark, beim Lesen entstehen Bilder und durch den Rhythmus der Sprache vermeint man, Ger\u00e4usche h\u00f6ren zu k\u00f6nnen.<br \/>\nErg\u00e4nzt wird der Band durch Fotografien von H. Graf, die auf Wiens j\u00fcdischen Friedh\u00f6fen entstanden sind und Zeugnis von Verfall und Zerst\u00f6rung geben.<\/p>\n","protected":false},"excerpt":{"rendered":"<p>96 Seiten, 74 Fotos, gebunden<br \/>\nISBN 978-3-902744-15-9&hellip; <a class=\"kt-excerpt-readmore more-link\" href=\"https:\/\/www.verlagshaus-hernals.at\/shop\/produkt\/nah-auf-stellung\/\" aria-label=\"nah.auf.stellung\">Read More<\/a><\/p>\n","protected":false},"featured_media":163,"template":"","meta":{"kt_blocks_editor_width":"","_kad_blocks_custom_css":"","_kad_blocks_head_custom_js":"","_kad_blocks_body_custom_js":"","_kad_blocks_footer_custom_js":""},"product_brand":[],"product_cat":[38],"product_tag":[58],"class_list":{"0":"post-164","1":"product","2":"type-product","3":"status-publish","4":"has-post-thumbnail","6":"product_cat-lyrik","7":"product_tag-monika-vasik","9":"first","10":"instock","11":"taxable","12":"shipping-taxable","13":"purchasable","14":"product-type-simple"},"taxonomy_info":{"product_cat":[{"value":38,"label":"Lyrik"}],"product_tag":[{"value":58,"label":"Monika Vasik"}]},"featured_image_src_large":["https:\/\/www.verlagshaus-hernals.at\/shop\/wp-content\/uploads\/monika_vasik-nahaufstellung.png",482,482,false],"author_info":[],"comment_info":"","_links":{"self":[{"href":"https:\/\/www.verlagshaus-hernals.at\/shop\/wp-json\/wp\/v2\/product\/164","targetHints":{"allow":["GET"]}}],"collection":[{"href":"https:\/\/www.verlagshaus-hernals.at\/shop\/wp-json\/wp\/v2\/product"}],"about":[{"href":"https:\/\/www.verlagshaus-hernals.at\/shop\/wp-json\/wp\/v2\/types\/product"}],"wp:featuredmedia":[{"embeddable":true,"href":"https:\/\/www.verlagshaus-hernals.at\/shop\/wp-json\/wp\/v2\/media\/163"}],"wp:attachment":[{"href":"https:\/\/www.verlagshaus-hernals.at\/shop\/wp-json\/wp\/v2\/media?parent=164"}],"wp:term":[{"taxonomy":"product_brand","embeddable":true,"href":"https:\/\/www.verlagshaus-hernals.at\/shop\/wp-json\/wp\/v2\/product_brand?post=164"},{"taxonomy":"product_cat","embeddable":true,"href":"https:\/\/www.verlagshaus-hernals.at\/shop\/wp-json\/wp\/v2\/product_cat?post=164"},{"taxonomy":"product_tag","embeddable":true,"href":"https:\/\/www.verlagshaus-hernals.at\/shop\/wp-json\/wp\/v2\/product_tag?post=164"}],"curies":[{"name":"wp","href":"https:\/\/api.w.org\/{rel}","templated":true}]}}

<p>Monika Vasik ist Lyrikerin aus Leidenschaft. Sie veröffentlicht seit Jahren in Literaturzeitschriften und in Anthologien. &#8217;nah.auf.stellung&#8216; ist ihr erster Gedichtband, Nationalsozialismus ist sein Thema. Es sind mahnende, erschütternde und aufrüttelnde Gedichte, die an die geschehenen Greuel erinnern, auf Wiederbetätigungstendenzen in unserem Land aufmerksam machen und davor warnen. Vasiks Sprache ist stark, beim Lesen entstehen Bilder und durch den Rhythmus der Sprache vermeint man, Geräusche hören zu können.<br />
Ergänzt wird der Band durch Fotografien von H. Graf, die auf Wiens jüdischen Friedhöfen entstanden sind und Zeugnis von Verfall und Zerstörung geben.</p>
