{"id":146,"date":"2020-07-02T13:05:23","date_gmt":"2020-07-02T11:05:23","guid":{"rendered":"https:\/\/www.imerix.at\/bookshop\/produkt\/nachsaison-endlich\/"},"modified":"2025-04-18T17:53:12","modified_gmt":"2025-04-18T15:53:12","slug":"nachsaison-endlich","status":"publish","type":"product","link":"https:\/\/www.verlagshaus-hernals.at\/shop\/produkt\/nachsaison-endlich\/","title":{"rendered":"Nachsaison endlich!"},"content":{"rendered":"<p>Vetters Prosa gleicht seiner Lyrik. Es scheint, als w\u00e4ren seine Gedichte zu Geschichten angewachsen, h\u00e4tten sich entfaltet und gleichsam ausgebreitet. Die Texte sind intensiv, schaffen beim Lesen Bilder, in die man magisch hineingezogen wird.<\/p>\n<p>Harald W. Vetters neuer Erz\u00e4hlband enth\u00e4lt 120 Kurzgeschichten, die sein K\u00f6nnen eindrucksvoll zeigen. Es ist, als w\u00e4re jede Geschichte nur Essenz, aus der sich m\u00fchelos ein ganzer Roman entwickeln lie\u00dfe.<\/p>\n<p>\u2026 Irgendwann gab es keinen Wellensittich mehr, keine Hamster, keine Tante Marianne und auch die Wellen hatten l\u00e4ngst aufgeh\u00f6rt, Tintenfische ans Ufer zu werfen. \u2026<\/p>\n","protected":false},"excerpt":{"rendered":"<p>272 Seiten, Klappenbroschur<br \/>\nISBN ISBN 978-3-902975-84-3&hellip; <a class=\"kt-excerpt-readmore more-link\" href=\"https:\/\/www.verlagshaus-hernals.at\/shop\/produkt\/nachsaison-endlich\/\" aria-label=\"Nachsaison endlich!\">Read More<\/a><\/p>\n","protected":false},"featured_media":145,"template":"","meta":{"kt_blocks_editor_width":"","_kad_blocks_custom_css":"","_kad_blocks_head_custom_js":"","_kad_blocks_body_custom_js":"","_kad_blocks_footer_custom_js":""},"product_brand":[],"product_cat":[43],"product_tag":[],"class_list":{"0":"post-146","1":"product","2":"type-product","3":"status-publish","4":"has-post-thumbnail","6":"product_cat-romane-erzaehlungen","8":"first","9":"instock","10":"taxable","11":"shipping-taxable","12":"purchasable","13":"product-type-simple"},"taxonomy_info":{"product_cat":[{"value":43,"label":"Romane &amp; Erz\u00e4hlungen"}]},"featured_image_src_large":["https:\/\/www.verlagshaus-hernals.at\/shop\/wp-content\/uploads\/harald_w_vetter-nachsaison-endlich.jpg",608,900,false],"author_info":[],"comment_info":"","_links":{"self":[{"href":"https:\/\/www.verlagshaus-hernals.at\/shop\/wp-json\/wp\/v2\/product\/146","targetHints":{"allow":["GET"]}}],"collection":[{"href":"https:\/\/www.verlagshaus-hernals.at\/shop\/wp-json\/wp\/v2\/product"}],"about":[{"href":"https:\/\/www.verlagshaus-hernals.at\/shop\/wp-json\/wp\/v2\/types\/product"}],"wp:featuredmedia":[{"embeddable":true,"href":"https:\/\/www.verlagshaus-hernals.at\/shop\/wp-json\/wp\/v2\/media\/145"}],"wp:attachment":[{"href":"https:\/\/www.verlagshaus-hernals.at\/shop\/wp-json\/wp\/v2\/media?parent=146"}],"wp:term":[{"taxonomy":"product_brand","embeddable":true,"href":"https:\/\/www.verlagshaus-hernals.at\/shop\/wp-json\/wp\/v2\/product_brand?post=146"},{"taxonomy":"product_cat","embeddable":true,"href":"https:\/\/www.verlagshaus-hernals.at\/shop\/wp-json\/wp\/v2\/product_cat?post=146"},{"taxonomy":"product_tag","embeddable":true,"href":"https:\/\/www.verlagshaus-hernals.at\/shop\/wp-json\/wp\/v2\/product_tag?post=146"}],"curies":[{"name":"wp","href":"https:\/\/api.w.org\/{rel}","templated":true}]}}

<p>Vetters Prosa gleicht seiner Lyrik. Es scheint, als wären seine Gedichte zu Geschichten angewachsen, hätten sich entfaltet und gleichsam ausgebreitet. Die Texte sind intensiv, schaffen beim Lesen Bilder, in die man magisch hineingezogen wird.</p>
<p>Harald W. Vetters neuer Erzählband enthält 120 Kurzgeschichten, die sein Können eindrucksvoll zeigen. Es ist, als wäre jede Geschichte nur Essenz, aus der sich mühelos ein ganzer Roman entwickeln ließe.</p>
<p>… Irgendwann gab es keinen Wellensittich mehr, keine Hamster, keine Tante Marianne und auch die Wellen hatten längst aufgehört, Tintenfische ans Ufer zu werfen. …</p>

Romane &amp; Erzählungen
