{"id":142,"date":"2018-04-12T13:05:22","date_gmt":"2018-04-12T11:05:22","guid":{"rendered":"https:\/\/www.imerix.at\/bookshop\/produkt\/das-rollende-rad\/"},"modified":"2025-04-18T17:54:25","modified_gmt":"2025-04-18T15:54:25","slug":"das-rollende-rad","status":"publish","type":"product","link":"https:\/\/www.verlagshaus-hernals.at\/shop\/produkt\/das-rollende-rad\/","title":{"rendered":"Das rollende Rad"},"content":{"rendered":"<p>Theodor Tomandl entf\u00fchrt seine Leserinnen und Leser gekonnt in das geschichtstr\u00e4chtige Jahr 1848.<\/p>\n<p>Der Student Bojo von Niedernfels erlebt den Sturz Metternichs, die Entmachtung der Regierung durch die Studenten, aber auch Verw\u00fcstungen in den Vorst\u00e4dten, Barrikadenk\u00e4mpfe in der Stadt, Arbeiteraufst\u00e4nde und die Ermordung des Kriegsministers Latour.<br \/>\nBojo wird ebenso Zeuge der wankelm\u00fctigen Haltung des schwachen Kaisers, wie der deutsch-nationalen Begeisterung, der Einsch\u00fcchterung missliebiger B\u00fcrger durch Katzenmusiken und der skurrilen Finanzaff\u00e4re um Swobodas Aktien.<br \/>\nEr erlebt aber auch die Gew\u00e4hrung von Pressefreiheit und die Einsetzung eines Reichstages. Und er l\u00f6st einen Kriminalfall.<\/p>\n<p>Die im Roman detailliert dargestellte Revolution legte die Wurzeln f\u00fcr die Umwandlung \u00d6sterreichs in eine konstitutionelle Monarchie mit Grund- und Freiheitsrechten und sp\u00e4ter in eine parlamentarische Republik.<\/p>\n","protected":false},"excerpt":{"rendered":"<p>244 Seiten, broschiert<br \/>\nISBN 978-3-902975-61-4&hellip; <a class=\"kt-excerpt-readmore more-link\" href=\"https:\/\/www.verlagshaus-hernals.at\/shop\/produkt\/das-rollende-rad\/\" aria-label=\"Das rollende Rad\">Read More<\/a><\/p>\n","protected":false},"featured_media":141,"template":"","meta":{"kt_blocks_editor_width":"","_kad_blocks_custom_css":"","_kad_blocks_head_custom_js":"","_kad_blocks_body_custom_js":"","_kad_blocks_footer_custom_js":""},"product_brand":[],"product_cat":[43],"product_tag":[],"class_list":{"0":"post-142","1":"product","2":"type-product","3":"status-publish","4":"has-post-thumbnail","6":"product_cat-romane-erzaehlungen","8":"first","9":"instock","10":"taxable","11":"shipping-taxable","12":"purchasable","13":"product-type-simple"},"taxonomy_info":{"product_cat":[{"value":43,"label":"Romane &amp; Erz\u00e4hlungen"}]},"featured_image_src_large":["https:\/\/www.verlagshaus-hernals.at\/shop\/wp-content\/uploads\/theodor_tomandl-das_rollende_rad.jpg",403,650,false],"author_info":[],"comment_info":"","_links":{"self":[{"href":"https:\/\/www.verlagshaus-hernals.at\/shop\/wp-json\/wp\/v2\/product\/142","targetHints":{"allow":["GET"]}}],"collection":[{"href":"https:\/\/www.verlagshaus-hernals.at\/shop\/wp-json\/wp\/v2\/product"}],"about":[{"href":"https:\/\/www.verlagshaus-hernals.at\/shop\/wp-json\/wp\/v2\/types\/product"}],"wp:featuredmedia":[{"embeddable":true,"href":"https:\/\/www.verlagshaus-hernals.at\/shop\/wp-json\/wp\/v2\/media\/141"}],"wp:attachment":[{"href":"https:\/\/www.verlagshaus-hernals.at\/shop\/wp-json\/wp\/v2\/media?parent=142"}],"wp:term":[{"taxonomy":"product_brand","embeddable":true,"href":"https:\/\/www.verlagshaus-hernals.at\/shop\/wp-json\/wp\/v2\/product_brand?post=142"},{"taxonomy":"product_cat","embeddable":true,"href":"https:\/\/www.verlagshaus-hernals.at\/shop\/wp-json\/wp\/v2\/product_cat?post=142"},{"taxonomy":"product_tag","embeddable":true,"href":"https:\/\/www.verlagshaus-hernals.at\/shop\/wp-json\/wp\/v2\/product_tag?post=142"}],"curies":[{"name":"wp","href":"https:\/\/api.w.org\/{rel}","templated":true}]}}