{"id":116,"date":"2013-05-08T13:05:19","date_gmt":"2013-05-08T11:05:19","guid":{"rendered":"https:\/\/www.imerix.at\/bookshop\/produkt\/das-lieblingstier-des-papstes\/"},"modified":"2025-04-18T18:59:46","modified_gmt":"2025-04-18T16:59:46","slug":"das-lieblingstier-des-papstes","status":"publish","type":"product","link":"https:\/\/www.verlagshaus-hernals.at\/shop\/produkt\/das-lieblingstier-des-papstes\/","title":{"rendered":"Das Lieblingstier des Papstes"},"content":{"rendered":"<p>Der Kapit\u00e4n einer unterklassigen Fu\u00dfballmannschaft hat eine schicksalhafte Begegnung mit einer Ente, ein Autostopper wird von einem in die Jahre gekommenen Actionserienhelden mitgenommen, ein erfolgloser Nachwuchsautor lauert dem ber\u00fchmten Schriftsteller B. auf \u2026<\/p>\n<p>In 32 Geschichten beschreibt Wolfgang Ellmauer Begegnungen in den unterschiedlichsten Spielformen. Nach und nach scheinen sich die Figuren zu verselbst\u00e4ndigen und treten auch au\u00dferhalb ihrer angestammten Texte in Erscheinung.<\/p>\n<p>Es entsteht ein Geflecht aus Orten, Gegenst\u00e4nden und Beziehungen, das mit Fortdauer der Lekt\u00fcre engmaschiger wird, um am Ende zu einem gro\u00dfen Ganzen zu verschmelzen.<\/p>\n","protected":false},"excerpt":{"rendered":"<p>148 Seiten, gebunden, Schutzumschlag<br \/>\nISBN 978-3-902744-82-1&hellip; <a class=\"kt-excerpt-readmore more-link\" href=\"https:\/\/www.verlagshaus-hernals.at\/shop\/produkt\/das-lieblingstier-des-papstes\/\" aria-label=\"Das Lieblingstier des Papstes\">Read More<\/a><\/p>\n","protected":false},"featured_media":115,"template":"","meta":{"kt_blocks_editor_width":"","_kad_blocks_custom_css":"","_kad_blocks_head_custom_js":"","_kad_blocks_body_custom_js":"","_kad_blocks_footer_custom_js":""},"product_brand":[],"product_cat":[43],"product_tag":[],"class_list":{"0":"post-116","1":"product","2":"type-product","3":"status-publish","4":"has-post-thumbnail","6":"product_cat-romane-erzaehlungen","8":"first","9":"instock","10":"taxable","11":"shipping-taxable","12":"purchasable","13":"product-type-simple"},"taxonomy_info":{"product_cat":[{"value":43,"label":"Romane &amp; Erz\u00e4hlungen"}]},"featured_image_src_large":["https:\/\/www.verlagshaus-hernals.at\/shop\/wp-content\/uploads\/wolfgang_ellmauer-das_lieblingstier_des_papstes.png",473,775,false],"author_info":[],"comment_info":"","_links":{"self":[{"href":"https:\/\/www.verlagshaus-hernals.at\/shop\/wp-json\/wp\/v2\/product\/116","targetHints":{"allow":["GET"]}}],"collection":[{"href":"https:\/\/www.verlagshaus-hernals.at\/shop\/wp-json\/wp\/v2\/product"}],"about":[{"href":"https:\/\/www.verlagshaus-hernals.at\/shop\/wp-json\/wp\/v2\/types\/product"}],"wp:featuredmedia":[{"embeddable":true,"href":"https:\/\/www.verlagshaus-hernals.at\/shop\/wp-json\/wp\/v2\/media\/115"}],"wp:attachment":[{"href":"https:\/\/www.verlagshaus-hernals.at\/shop\/wp-json\/wp\/v2\/media?parent=116"}],"wp:term":[{"taxonomy":"product_brand","embeddable":true,"href":"https:\/\/www.verlagshaus-hernals.at\/shop\/wp-json\/wp\/v2\/product_brand?post=116"},{"taxonomy":"product_cat","embeddable":true,"href":"https:\/\/www.verlagshaus-hernals.at\/shop\/wp-json\/wp\/v2\/product_cat?post=116"},{"taxonomy":"product_tag","embeddable":true,"href":"https:\/\/www.verlagshaus-hernals.at\/shop\/wp-json\/wp\/v2\/product_tag?post=116"}],"curies":[{"name":"wp","href":"https:\/\/api.w.org\/{rel}","templated":true}]}}